CRAN Package Check Results for Package arcpullr

Last updated on 2025-02-04 15:49:05 CET.

Flavor Version Tinstall Tcheck Ttotal Status Flags
r-devel-linux-x86_64-debian-clang 0.2.9 8.13 155.87 164.00 ERROR
r-devel-linux-x86_64-debian-gcc 0.2.9 4.97 104.91 109.88 ERROR
r-devel-linux-x86_64-fedora-clang 0.2.9 265.39 ERROR
r-devel-linux-x86_64-fedora-gcc 0.2.9 279.06 ERROR
r-devel-windows-x86_64 0.2.9 10.00 177.00 187.00 ERROR
r-patched-linux-x86_64 0.2.9 7.92 145.39 153.31 ERROR
r-release-linux-x86_64 0.2.9 6.74 144.29 151.03 ERROR
r-release-macos-arm64 0.2.9 104.00 OK
r-release-macos-x86_64 0.2.9 120.00 OK
r-release-windows-x86_64 0.2.9 13.00 152.00 165.00 ERROR
r-oldrel-macos-arm64 0.2.9 86.00 OK
r-oldrel-macos-x86_64 0.2.9 190.00 OK
r-oldrel-windows-x86_64 0.2.9 12.00 219.00 231.00 ERROR

Check Details

Version: 0.2.9
Check: tests
Result: ERROR Running ‘testthat.R’ [15s/20s] Running the tests in ‘tests/testthat.R’ failed. Complete output: > library(testthat) > library(arcpullr) Loading required package: sf Linking to GEOS 3.13.0, GDAL 3.10.1, PROJ 9.5.1; sf_use_s2() is TRUE > > test_check("arcpullr") [ FAIL 1 | WARN 7 | SKIP 0 | PASS 51 ] ══ Failed tests ════════════════════════════════════════════════════════════════ ── Failure ('test_layer_properties.R:21:3'): legend values and colors are correct ── legend$color not equal to `legend_colors`. 14/16 mismatches x[1]: "#C84141" y[1]: "#C94242" x[3]: "#F2EE86" y[3]: "#F2EF87" x[5]: "#E6AC2E" y[5]: "#E6AC2B" x[6]: "#9C7209" y[6]: "#9D7207" x[7]: "#016400" y[7]: "#006300" [ FAIL 1 | WARN 7 | SKIP 0 | PASS 51 ] Error: Test failures Execution halted Flavor: r-devel-linux-x86_64-debian-clang

Version: 0.2.9
Check: tests
Result: ERROR Running ‘testthat.R’ [9s/10s] Running the tests in ‘tests/testthat.R’ failed. Complete output: > library(testthat) > library(arcpullr) Loading required package: sf Linking to GEOS 3.13.0, GDAL 3.10.1, PROJ 9.5.1; sf_use_s2() is TRUE > > test_check("arcpullr") [ FAIL 1 | WARN 7 | SKIP 0 | PASS 51 ] ══ Failed tests ════════════════════════════════════════════════════════════════ ── Failure ('test_layer_properties.R:21:3'): legend values and colors are correct ── legend$color not equal to `legend_colors`. 14/16 mismatches x[1]: "#C84141" y[1]: "#C94242" x[3]: "#F2EE86" y[3]: "#F2EF87" x[5]: "#E6AC2E" y[5]: "#E6AC2B" x[6]: "#9C7209" y[6]: "#9D7207" x[7]: "#016400" y[7]: "#006300" [ FAIL 1 | WARN 7 | SKIP 0 | PASS 51 ] Error: Test failures Execution halted Flavor: r-devel-linux-x86_64-debian-gcc

Version: 0.2.9
Check: dependencies in R code
Result: NOTE Namespace in Imports field not imported from: ‘methods’ All declared Imports should be used. Flavors: r-devel-linux-x86_64-fedora-clang, r-devel-linux-x86_64-fedora-gcc

Version: 0.2.9
Check: tests
Result: ERROR Running ‘testthat.R’ [24s/59s] Running the tests in ‘tests/testthat.R’ failed. Complete output: > library(testthat) > library(arcpullr) Loading required package: sf Linking to GEOS 3.10.2, GDAL 3.4.3, PROJ 8.2.1; sf_use_s2() is TRUE > > test_check("arcpullr") [ FAIL 1 | WARN 7 | SKIP 0 | PASS 51 ] ══ Failed tests ════════════════════════════════════════════════════════════════ ── Failure ('test_layer_properties.R:21:3'): legend values and colors are correct ── legend$color not equal to `legend_colors`. 14/16 mismatches x[1]: "#C84141" y[1]: "#C94242" x[3]: "#F2EE86" y[3]: "#F2EF87" x[5]: "#E6AC2E" y[5]: "#E6AC2B" x[6]: "#9C7209" y[6]: "#9D7207" x[7]: "#016400" y[7]: "#006300" [ FAIL 1 | WARN 7 | SKIP 0 | PASS 51 ] Error: Test failures Execution halted Flavor: r-devel-linux-x86_64-fedora-clang

Version: 0.2.9
Check: tests
Result: ERROR Running ‘testthat.R’ [35s/80s] Running the tests in ‘tests/testthat.R’ failed. Complete output: > library(testthat) > library(arcpullr) Loading required package: sf Linking to GEOS 3.10.2, GDAL 3.4.3, PROJ 8.2.1; sf_use_s2() is TRUE > > test_check("arcpullr") [ FAIL 1 | WARN 7 | SKIP 0 | PASS 51 ] ══ Failed tests ════════════════════════════════════════════════════════════════ ── Failure ('test_layer_properties.R:21:3'): legend values and colors are correct ── legend$color not equal to `legend_colors`. 14/16 mismatches x[1]: "#C84141" y[1]: "#C94242" x[3]: "#F2EE86" y[3]: "#F2EF87" x[5]: "#E6AC2E" y[5]: "#E6AC2B" x[6]: "#9C7209" y[6]: "#9D7207" x[7]: "#016400" y[7]: "#006300" [ FAIL 1 | WARN 7 | SKIP 0 | PASS 51 ] Error: Test failures Execution halted Flavor: r-devel-linux-x86_64-fedora-gcc

Version: 0.2.9
Check: tests
Result: ERROR Running 'testthat.R' [11s] Running the tests in 'tests/testthat.R' failed. Complete output: > library(testthat) > library(arcpullr) Loading required package: sf Linking to GEOS 3.13.0, GDAL 3.10.1, PROJ 9.5.1; sf_use_s2() is TRUE > > test_check("arcpullr") [ FAIL 1 | WARN 7 | SKIP 0 | PASS 51 ] ══ Failed tests ════════════════════════════════════════════════════════════════ ── Failure ('test_layer_properties.R:21:3'): legend values and colors are correct ── legend$color not equal to `legend_colors`. 14/16 mismatches x[1]: "#C84141" y[1]: "#C94242" x[3]: "#F2EE86" y[3]: "#F2EF87" x[5]: "#E6AC2E" y[5]: "#E6AC2B" x[6]: "#9C7209" y[6]: "#9D7207" x[7]: "#016400" y[7]: "#006300" [ FAIL 1 | WARN 7 | SKIP 0 | PASS 51 ] Error: Test failures Execution halted Flavors: r-devel-windows-x86_64, r-release-windows-x86_64

Version: 0.2.9
Check: tests
Result: ERROR Running ‘testthat.R’ [14s/17s] Running the tests in ‘tests/testthat.R’ failed. Complete output: > library(testthat) > library(arcpullr) Loading required package: sf Linking to GEOS 3.13.0, GDAL 3.10.1, PROJ 9.5.1; sf_use_s2() is TRUE > > test_check("arcpullr") [ FAIL 1 | WARN 7 | SKIP 0 | PASS 51 ] ══ Failed tests ════════════════════════════════════════════════════════════════ ── Failure ('test_layer_properties.R:21:3'): legend values and colors are correct ── legend$color not equal to `legend_colors`. 14/16 mismatches x[1]: "#C84141" y[1]: "#C94242" x[3]: "#F2EE86" y[3]: "#F2EF87" x[5]: "#E6AC2E" y[5]: "#E6AC2B" x[6]: "#9C7209" y[6]: "#9D7207" x[7]: "#016400" y[7]: "#006300" [ FAIL 1 | WARN 7 | SKIP 0 | PASS 51 ] Error: Test failures Execution halted Flavor: r-patched-linux-x86_64

Version: 0.2.9
Check: tests
Result: ERROR Running ‘testthat.R’ [13s/18s] Running the tests in ‘tests/testthat.R’ failed. Complete output: > library(testthat) > library(arcpullr) Loading required package: sf Linking to GEOS 3.13.0, GDAL 3.10.1, PROJ 9.5.1; sf_use_s2() is TRUE > > test_check("arcpullr") [ FAIL 1 | WARN 7 | SKIP 0 | PASS 51 ] ══ Failed tests ════════════════════════════════════════════════════════════════ ── Failure ('test_layer_properties.R:21:3'): legend values and colors are correct ── legend$color not equal to `legend_colors`. 14/16 mismatches x[1]: "#C84141" y[1]: "#C94242" x[3]: "#F2EE86" y[3]: "#F2EF87" x[5]: "#E6AC2E" y[5]: "#E6AC2B" x[6]: "#9C7209" y[6]: "#9D7207" x[7]: "#016400" y[7]: "#006300" [ FAIL 1 | WARN 7 | SKIP 0 | PASS 51 ] Error: Test failures Execution halted Flavor: r-release-linux-x86_64

Version: 0.2.9
Check: tests
Result: ERROR Running 'testthat.R' [17s] Running the tests in 'tests/testthat.R' failed. Complete output: > library(testthat) > library(arcpullr) Loading required package: sf Linking to GEOS 3.11.2, GDAL 3.8.2, PROJ 9.3.1; sf_use_s2() is TRUE > > test_check("arcpullr") [ FAIL 1 | WARN 7 | SKIP 0 | PASS 51 ] ══ Failed tests ════════════════════════════════════════════════════════════════ ── Failure ('test_layer_properties.R:21:3'): legend values and colors are correct ── legend$color not equal to `legend_colors`. 14/16 mismatches x[1]: "#C84141" y[1]: "#C94242" x[3]: "#F2EE86" y[3]: "#F2EF87" x[5]: "#E6AC2E" y[5]: "#E6AC2B" x[6]: "#9C7209" y[6]: "#9D7207" x[7]: "#016400" y[7]: "#006300" [ FAIL 1 | WARN 7 | SKIP 0 | PASS 51 ] Error: Test failures Execution halted Flavor: r-oldrel-windows-x86_64