CRAN Package Check Results for Package areabiplot

Last updated on 2024-07-19 15:57:12 CEST.

Flavor Version Tinstall Tcheck Ttotal Status Flags
r-devel-linux-x86_64-debian-clang 1.0.0 1.99 24.71 26.70 NOTE
r-devel-linux-x86_64-debian-gcc 1.0.0 1.45 19.15 20.60 NOTE
r-devel-linux-x86_64-fedora-clang 1.0.0 34.28 NOTE
r-devel-linux-x86_64-fedora-gcc 1.0.0 32.60 NOTE
r-devel-windows-x86_64 1.0.0 2.00 47.00 49.00 NOTE
r-patched-linux-x86_64 1.0.0 2.18 24.28 26.46 NOTE
r-release-linux-x86_64 1.0.0 1.54 23.50 25.04 NOTE
r-release-macos-arm64 1.0.0 16.00 NOTE
r-release-macos-x86_64 1.0.0 23.00 NOTE
r-release-windows-x86_64 1.0.0 2.00 46.00 48.00 NOTE
r-oldrel-macos-arm64 1.0.0 18.00 NOTE
r-oldrel-macos-x86_64 1.0.0 21.00 NOTE
r-oldrel-windows-x86_64 1.0.0 2.00 46.00 48.00 NOTE

Check Details

Version: 1.0.0
Check: LazyData
Result: NOTE 'LazyData' is specified without a 'data' directory Flavors: r-devel-linux-x86_64-debian-clang, r-devel-linux-x86_64-debian-gcc, r-devel-linux-x86_64-fedora-clang, r-devel-linux-x86_64-fedora-gcc, r-devel-windows-x86_64, r-patched-linux-x86_64, r-release-linux-x86_64, r-release-macos-arm64, r-release-macos-x86_64, r-release-windows-x86_64, r-oldrel-macos-arm64, r-oldrel-macos-x86_64, r-oldrel-windows-x86_64