Last updated on 2024-07-27 16:49:01 CEST.
Flavor | Version | Tinstall | Tcheck | Ttotal | Status | Flags |
---|---|---|---|---|---|---|
r-devel-linux-x86_64-debian-clang | 0.6.3 | 13.81 | 154.43 | 168.24 | OK | |
r-devel-linux-x86_64-debian-gcc | 0.6.3 | NOTE | ||||
r-devel-linux-x86_64-fedora-clang | 0.6.3 | 216.94 | NOTE | |||
r-devel-linux-x86_64-fedora-gcc | 0.6.3 | 211.45 | OK | |||
r-devel-windows-x86_64 | 0.6.3 | 12.00 | 137.00 | 149.00 | NOTE | |
r-patched-linux-x86_64 | 0.6.3 | OK | ||||
r-release-linux-x86_64 | 0.6.3 | 9.33 | 149.81 | 159.14 | OK | |
r-release-macos-arm64 | 0.6.3 | 67.00 | OK | |||
r-release-macos-x86_64 | 0.6.3 | 99.00 | OK | |||
r-release-windows-x86_64 | 0.6.3 | 13.00 | 139.00 | 152.00 | OK | |
r-oldrel-macos-arm64 | 0.6.3 | 60.00 | OK | |||
r-oldrel-macos-x86_64 | 0.6.3 | 168.00 | OK | |||
r-oldrel-windows-x86_64 | 0.6.3 | 17.00 | 157.00 | 174.00 | OK |
Version: 0.6.3
Check: Rd cross-references
Result: NOTE
Found the following Rd file(s) with Rd \link{} targets missing package
anchors:
normGeometry.Rd: st_drivers
normTable.Rd: reorganise
Please provide package anchors for all Rd \link{} targets not in the
package itself and the base packages.
Flavors: r-devel-linux-x86_64-debian-gcc, r-devel-windows-x86_64
Version: 0.6.3
Check: Rd cross-references
Result: NOTE
Undeclared package ‘beepr’ in Rd xrefs
Flavor: r-devel-linux-x86_64-fedora-clang