Last updated on 2025-02-04 17:49:08 CET.
Flavor | Version | Tinstall | Tcheck | Ttotal | Status | Flags |
---|---|---|---|---|---|---|
r-devel-linux-x86_64-debian-clang | 1.8-1 | 11.79 | 64.53 | 76.32 | NOTE | |
r-devel-linux-x86_64-debian-gcc | 1.8-1 | 8.10 | 44.26 | 52.36 | NOTE | |
r-devel-linux-x86_64-fedora-clang | 1.8-1 | 127.28 | OK | |||
r-devel-linux-x86_64-fedora-gcc | 1.8-1 | 120.29 | OK | |||
r-devel-windows-x86_64 | 1.8-1 | 15.00 | 106.00 | 121.00 | NOTE | |
r-patched-linux-x86_64 | 1.8-1 | 12.81 | 61.61 | 74.42 | OK | |
r-release-linux-x86_64 | 1.8-1 | 9.49 | 60.63 | 70.12 | OK | |
r-release-macos-arm64 | 1.8-1 | 41.00 | OK | |||
r-release-macos-x86_64 | 1.8-1 | 73.00 | OK | |||
r-release-windows-x86_64 | 1.8-1 | 14.00 | 103.00 | 117.00 | OK | |
r-oldrel-macos-arm64 | 1.8-1 | 47.00 | OK | |||
r-oldrel-macos-x86_64 | 1.8-1 | 73.00 | OK | |||
r-oldrel-windows-x86_64 | 1.8-1 | 16.00 | 219.00 | 235.00 | OK |
Version: 1.8-1
Check: Rd cross-references
Result: NOTE
Found the following Rd file(s) with Rd \link{} targets missing package
anchors:
arfima.Rd: TrenchMean
logLik.arfima.Rd: ltsa
Please provide package anchors for all Rd \link{} targets not in the
package itself and the base packages.
Flavors: r-devel-linux-x86_64-debian-clang, r-devel-linux-x86_64-debian-gcc, r-devel-windows-x86_64