Last updated on 2024-05-02 09:51:24 CEST.
Flavor | Version | Tinstall | Tcheck | Ttotal | Status | Flags |
---|---|---|---|---|---|---|
r-devel-linux-x86_64-debian-clang | 0.1.0 | 19.06 | 196.62 | 215.68 | OK | |
r-devel-linux-x86_64-debian-gcc | 0.1.0 | 15.76 | 143.10 | 158.86 | OK | |
r-devel-linux-x86_64-fedora-clang | 0.1.0 | 284.22 | NOTE | |||
r-devel-linux-x86_64-fedora-gcc | 0.1.0 | 251.15 | NOTE | |||
r-devel-windows-x86_64 | 0.1.0 | 17.00 | 142.00 | 159.00 | OK | |
r-patched-linux-x86_64 | 0.1.0 | 20.15 | 183.96 | 204.11 | OK | |
r-release-linux-x86_64 | 0.1.0 | 17.18 | 182.78 | 199.96 | OK | |
r-release-macos-arm64 | 0.1.0 | 62.00 | OK | |||
r-release-macos-x86_64 | 0.1.0 | 136.00 | OK | |||
r-release-windows-x86_64 | 0.1.0 | 17.00 | 143.00 | 160.00 | OK | |
r-oldrel-macos-arm64 | 0.1.0 | 70.00 | OK | |||
r-oldrel-macos-x86_64 | 0.1.0 | 125.00 | OK | |||
r-oldrel-windows-x86_64 | 0.1.0 | 23.00 | 181.00 | 204.00 | OK |
Version: 0.1.0
Check: dependencies in R code
Result: NOTE
Namespace in Imports field not imported from: ‘mvtnorm’
All declared Imports should be used.
Flavors: r-devel-linux-x86_64-fedora-clang, r-devel-linux-x86_64-fedora-gcc