Last updated on 2024-03-28 12:50:27 CET.
Flavor | Version | Tinstall | Tcheck | Ttotal | Status | Flags |
---|---|---|---|---|---|---|
r-devel-linux-x86_64-debian-clang | 3.2.2 | 57.93 | 364.43 | 422.36 | OK | |
r-devel-linux-x86_64-debian-gcc | 3.2.2 | 48.78 | 253.80 | 302.58 | OK | |
r-devel-linux-x86_64-fedora-clang | 3.2.2 | 549.12 | NOTE | |||
r-devel-linux-x86_64-fedora-gcc | 3.2.2 | 521.11 | OK | |||
r-devel-windows-x86_64 | 3.2.2 | 55.00 | 289.00 | 344.00 | NOTE | |
r-patched-linux-x86_64 | 3.2.2 | 81.91 | 355.29 | 437.20 | OK | |
r-release-linux-x86_64 | 3.2.2 | 57.69 | 346.77 | 404.46 | OK | |
r-release-macos-arm64 | 3.2.2 | 124.00 | NOTE | |||
r-release-macos-x86_64 | 3.2.2 | 228.00 | NOTE | |||
r-release-windows-x86_64 | 3.2.2 | 71.00 | 371.00 | 442.00 | NOTE | |
r-oldrel-macos-arm64 | 3.2.2 | 113.00 | NOTE | |||
r-oldrel-windows-x86_64 | 3.2.2 | 72.00 | 340.00 | 412.00 | NOTE |
Version: 3.2.2
Check: installed package size
Result: NOTE
installed size is 5.9Mb
sub-directories of 1Mb or more:
R 2.3Mb
help 1.2Mb
testScripts 1.3Mb
Flavors: r-devel-linux-x86_64-fedora-clang, r-devel-windows-x86_64, r-release-macos-arm64, r-release-macos-x86_64, r-release-windows-x86_64, r-oldrel-macos-arm64, r-oldrel-windows-x86_64
Version: 3.2.2
Check: package dependencies
Result: NOTE
Packages suggested but not available for checking:
'affxparser', 'oligo', 'oligoClasses', 'pdInfoBuilder',
'AffymetrixDataTestFiles'
Flavors: r-release-macos-arm64, r-release-macos-x86_64
Version: 3.2.2
Check: Rd cross-references
Result: NOTE
Packages unavailable to check Rd xrefs: ‘affxparser’, ‘oligo’, ‘oligoClasses’
Flavors: r-release-macos-arm64, r-release-macos-x86_64
Version: 3.2.2
Check: package dependencies
Result: NOTE
Packages suggested but not available for checking:
'oligo', 'oligoClasses', 'pdInfoBuilder', 'AffymetrixDataTestFiles'
Flavor: r-oldrel-macos-arm64
Version: 3.2.2
Check: Rd cross-references
Result: NOTE
Packages unavailable to check Rd xrefs: ‘oligo’, ‘oligoClasses’
Flavor: r-oldrel-macos-arm64