Last updated on 2025-02-09 22:50:02 CET.
Flavor | Version | Tinstall | Tcheck | Ttotal | Status | Flags |
---|---|---|---|---|---|---|
r-devel-linux-x86_64-debian-clang | 0.7.0 | 3.17 | 34.80 | 37.97 | OK | |
r-devel-linux-x86_64-debian-gcc | 0.7.0 | 2.24 | 23.04 | 25.28 | OK | |
r-devel-linux-x86_64-fedora-clang | 0.7.0 | 57.08 | OK | |||
r-devel-linux-x86_64-fedora-gcc | 0.7.0 | 53.98 | OK | |||
r-devel-windows-x86_64 | 0.7.0 | 5.00 | 65.00 | 70.00 | OK | |
r-patched-linux-x86_64 | 0.7.0 | 3.24 | 28.93 | 32.17 | OK | |
r-release-linux-x86_64 | 0.7.0 | 2.81 | 29.00 | 31.81 | OK | |
r-release-macos-arm64 | 0.7.0 | 20.00 | OK | |||
r-release-macos-x86_64 | 0.7.0 | 29.00 | OK | |||
r-release-windows-x86_64 | 0.7.0 | 4.00 | 64.00 | 68.00 | OK | |
r-oldrel-macos-arm64 | 0.7.0 | 21.00 | NOTE | |||
r-oldrel-macos-x86_64 | 0.7.0 | 41.00 | NOTE | |||
r-oldrel-windows-x86_64 | 0.7.0 | 5.00 | 62.00 | 67.00 | OK |
Version: 0.7.0
Check: package dependencies
Result: NOTE
Package suggested but not available for checking: ‘affxparser’
Flavors: r-oldrel-macos-arm64, r-oldrel-macos-x86_64
Version: 0.7.0
Check: Rd cross-references
Result: NOTE
Package unavailable to check Rd xrefs: ‘affxparser’
Flavors: r-oldrel-macos-arm64, r-oldrel-macos-x86_64