Last updated on 2023-11-28 21:48:08 CET.
Flavor | Version | Tinstall | Tcheck | Ttotal | Status | Flags |
---|---|---|---|---|---|---|
r-devel-linux-x86_64-debian-clang | 2.3.0 | 7.99 | 48.40 | 56.39 | OK | |
r-devel-linux-x86_64-debian-gcc | 2.3.0 | 5.67 | 36.35 | 42.02 | OK | |
r-devel-linux-x86_64-fedora-clang | 2.3.0 | 73.31 | OK | |||
r-devel-linux-x86_64-fedora-gcc | 2.3.0 | 66.79 | OK | |||
r-devel-windows-x86_64 | 2.3.0 | 17.00 | 60.00 | 77.00 | WARN | |
r-patched-linux-x86_64 | 2.3.0 | 8.18 | 46.36 | 54.54 | OK | |
r-release-linux-x86_64 | 2.3.0 | 7.58 | 45.68 | 53.26 | OK | |
r-release-macos-arm64 | 2.3.0 | 26.00 | OK | |||
r-release-macos-x86_64 | 2.3.0 | 39.00 | OK | |||
r-release-windows-x86_64 | 2.3.0 | 21.00 | 66.00 | 87.00 | WARN | |
r-oldrel-macos-arm64 | 2.3.0 | 25.00 | OK | |||
r-oldrel-macos-x86_64 | 2.3.0 | 34.00 | OK | |||
r-oldrel-windows-x86_64 | 2.3.0 | 10.00 | 73.00 | 83.00 | OK |
Version: 2.3.0
Check: whether package can be installed
Result: WARN
Found the following significant warnings:
rwin.c:28:8: warning: function declaration isn't a prototype [-Wstrict-prototypes]
rwin.c:251:6: warning: function declaration isn't a prototype [-Wstrict-prototypes]
rwin.c:283:6: warning: function declaration isn't a prototype [-Wstrict-prototypes]
rwin.c:291:1: warning: function declaration isn't a prototype [-Wstrict-prototypes]
See 'd:/Rcompile/CRANpkg/local/4.4/asciicast.Rcheck/00install.out' for details.
* used C compiler: 'gcc.exe (GCC) 12.3.0'
Flavor: r-devel-windows-x86_64
Version: 2.3.0
Check: whether package can be installed
Result: WARN
Found the following significant warnings:
rwin.c:28:8: warning: function declaration isn't a prototype [-Wstrict-prototypes]
rwin.c:251:6: warning: function declaration isn't a prototype [-Wstrict-prototypes]
rwin.c:283:6: warning: function declaration isn't a prototype [-Wstrict-prototypes]
rwin.c:291:1: warning: function declaration isn't a prototype [-Wstrict-prototypes]
See 'd:/Rcompile/CRANpkg/local/4.3/asciicast.Rcheck/00install.out' for details.
* used C compiler: 'gcc.exe (GCC) 12.3.0'
Flavor: r-release-windows-x86_64