CRAN Package Check Results for Package ash

Last updated on 2025-02-04 21:49:19 CET.

Flavor Version Tinstall Tcheck Ttotal Status Flags
r-devel-linux-x86_64-debian-clang 1.0-15 2.60 16.56 19.16 OK
r-devel-linux-x86_64-debian-gcc 1.0-15 2.01 13.84 15.85 OK
r-devel-linux-x86_64-fedora-clang 1.0-15 31.35 NOTE
r-devel-linux-x86_64-fedora-gcc 1.0-15 30.29 NOTE
r-devel-windows-x86_64 1.0-15 6.00 38.00 44.00 OK
r-patched-linux-x86_64 1.0-15 2.11 16.23 18.34 OK
r-release-linux-x86_64 1.0-15 2.16 15.99 18.15 OK
r-release-macos-arm64 1.0-15 19.00 OK
r-release-macos-x86_64 1.0-15 23.00 OK
r-release-windows-x86_64 1.0-15 6.00 37.00 43.00 OK
r-oldrel-macos-arm64 1.0-15 19.00 OK
r-oldrel-macos-x86_64 1.0-15 19.00 OK
r-oldrel-windows-x86_64 1.0-15 7.00 37.00 44.00 OK

Check Details

Version: 1.0-15
Check: compiled code
Result: NOTE File ‘ash/libs/ash.so’: Found no calls to: ‘R_registerRoutines’, ‘R_useDynamicSymbols’ It is good practice to register native routines and to disable symbol search. See ‘Writing portable packages’ in the ‘Writing R Extensions’ manual. Flavors: r-devel-linux-x86_64-fedora-clang, r-devel-linux-x86_64-fedora-gcc