CRAN Package Check Results for Package autocogs

Last updated on 2023-06-07 13:01:46 CEST.

Flavor Version Tinstall Tcheck Ttotal Status Flags
r-devel-linux-x86_64-debian-clang 0.1.4 6.33 59.75 66.08 OK
r-devel-linux-x86_64-debian-gcc 0.1.4 4.63 45.04 49.67 OK
r-devel-linux-x86_64-fedora-clang 0.1.4 81.57 NOTE
r-devel-linux-x86_64-fedora-gcc 0.1.4 74.19 NOTE
r-devel-windows-x86_64 0.1.4 6.00 64.00 70.00 OK
r-patched-linux-x86_64 0.1.4 5.11 55.74 60.85 OK
r-release-linux-x86_64 0.1.4 3.93 55.74 59.67 OK
r-release-macos-arm64 0.1.4 27.00 OK
r-release-macos-x86_64 0.1.4 42.00 OK
r-release-windows-x86_64 0.1.4 8.00 74.00 82.00 OK
r-oldrel-macos-arm64 0.1.4 27.00 NOTE
r-oldrel-macos-x86_64 0.1.4 54.00 NOTE
r-oldrel-windows-x86_64 0.1.4 8.00 78.00 86.00 OK

Check Details

Version: 0.1.4
Check: dependencies in R code
Result: NOTE
    Namespaces in Imports field not imported from:
     ‘MASS’ ‘broom’ ‘diptest’ ‘ggplot2’ ‘hexbin’ ‘moments’
     All declared Imports should be used.
Flavors: r-devel-linux-x86_64-fedora-clang, r-devel-linux-x86_64-fedora-gcc, r-oldrel-macos-arm64, r-oldrel-macos-x86_64