Last updated on 2025-04-30 18:51:23 CEST.
Flavor | Version | Tinstall | Tcheck | Ttotal | Status | Flags |
---|---|---|---|---|---|---|
r-devel-linux-x86_64-debian-clang | 0.2.4 | 22.93 | 575.74 | 598.67 | NOTE | |
r-devel-linux-x86_64-debian-gcc | 0.2.4 | 16.64 | 357.26 | 373.90 | NOTE | |
r-devel-linux-x86_64-fedora-clang | 0.2.4 | 1030.06 | OK | |||
r-devel-linux-x86_64-fedora-gcc | 0.2.4 | 911.85 | OK | |||
r-devel-windows-x86_64 | 0.2.4 | 25.00 | 518.00 | 543.00 | OK | |
r-patched-linux-x86_64 | 0.2.4 | 22.62 | 542.87 | 565.49 | OK | |
r-release-linux-x86_64 | 0.2.4 | 20.24 | 539.94 | 560.18 | OK | |
r-release-macos-arm64 | 0.2.4 | 150.00 | OK | |||
r-release-macos-x86_64 | 0.2.4 | 276.00 | OK | |||
r-release-windows-x86_64 | 0.2.4 | 26.00 | 510.00 | 536.00 | OK | |
r-oldrel-macos-arm64 | 0.2.4 | 176.00 | NOTE | |||
r-oldrel-macos-x86_64 | 0.2.4 | 291.00 | NOTE | |||
r-oldrel-windows-x86_64 | 0.2.4 | 32.00 | 750.00 | 782.00 | NOTE |
Version: 0.2.4
Check: examples
Result: NOTE
Examples with CPU (user + system) or elapsed time > 5s
user system elapsed
generate_slides 8.971 0.176 11.965
t_ae_pt_soc_slide 6.603 0.054 8.736
t_dm_slide 5.717 0.079 8.490
gt_t_dm_slide 5.400 0.095 6.978
t_ae_summ_slide 5.412 0.047 8.051
t_ae_slide 5.354 0.042 6.692
t_aesi_slide 3.981 0.004 5.208
t_ae_pt_slide 3.675 0.063 5.577
Flavor: r-devel-linux-x86_64-debian-clang
Version: 0.2.4
Check: examples
Result: NOTE
Examples with CPU (user + system) or elapsed time > 5s
user system elapsed
generate_slides 4.929 0.203 7.226
t_ae_pt_soc_slide 3.696 0.019 5.268
Flavor: r-devel-linux-x86_64-debian-gcc
Version: 0.2.4
Check: installed package size
Result: NOTE
installed size is 5.2Mb
sub-directories of 1Mb or more:
data 1.6Mb
doc 3.1Mb
Flavors: r-oldrel-macos-arm64, r-oldrel-macos-x86_64, r-oldrel-windows-x86_64