Last updated on 2025-05-01 09:52:27 CEST.
Flavor | Version | Tinstall | Tcheck | Ttotal | Status | Flags |
---|---|---|---|---|---|---|
r-devel-linux-x86_64-debian-clang | 1.0.0 | 4.67 | 41.71 | 46.38 | NOTE | |
r-devel-linux-x86_64-debian-gcc | 1.0.0 | 3.42 | 31.36 | 34.78 | NOTE | |
r-devel-linux-x86_64-fedora-clang | 1.0.0 | 69.75 | OK | |||
r-devel-linux-x86_64-fedora-gcc | 1.0.0 | 65.82 | OK | |||
r-devel-windows-x86_64 | 1.0.0 | 6.00 | 71.00 | 77.00 | OK | |
r-patched-linux-x86_64 | 1.0.0 | 5.64 | 37.89 | 43.53 | OK | |
r-release-linux-x86_64 | OK | |||||
r-release-macos-arm64 | 1.0.0 | 38.00 | OK | |||
r-release-macos-x86_64 | 1.0.0 | 51.00 | OK | |||
r-release-windows-x86_64 | 1.0.0 | 8.00 | 73.00 | 81.00 | OK | |
r-oldrel-macos-arm64 | 1.0.0 | 34.00 | OK | |||
r-oldrel-macos-x86_64 | 1.0.0 | 42.00 | OK | |||
r-oldrel-windows-x86_64 | 1.0.0 | 8.00 | 79.00 | 87.00 | OK |
Version: 1.0.0
Check: CRAN incoming feasibility
Result: NOTE
Maintainer: ‘Rafael Santos <rafael.jpsantos@outlook.com>’
The Description field contains
<arXiv:2001.00636>.
Please refer to arXiv e-prints via their arXiv DOI <doi:10.48550/arXiv.YYMM.NNNNN>.
Flavors: r-devel-linux-x86_64-debian-clang, r-devel-linux-x86_64-debian-gcc
Version: 1.0.0
Check: examples
Result: NOTE
Examples with CPU (user + system) or elapsed time > 5s
user system elapsed
bagged.outliertrees 0.555 0.098 8.323
predict.bagged.outliertrees 0.446 0.005 8.902
print.bagged.outlieroutputs 0.367 0.005 9.083
Flavor: r-devel-linux-x86_64-debian-clang
Version: 1.0.0
Check: examples
Result: NA
user system elapsed
bagged.outliertrees 0.354 0.065 6.705
print.bagged.outlieroutputs 0.381 0.007 6.575
predict.bagged.outliertrees 0.240 0.006 6.034
OK
Flavor: r-devel-linux-x86_64-debian-gcc