CRAN Package Check Results for Package bangladesh

Last updated on 2024-06-20 03:51:28 CEST.

Flavor Version Tinstall Tcheck Ttotal Status Flags
r-devel-linux-x86_64-debian-clang 1.0.0 44.45 362.14 406.59 OK
r-devel-linux-x86_64-debian-gcc 1.0.0 32.83 254.13 286.96 OK
r-devel-linux-x86_64-fedora-clang 1.0.0 513.50 NOTE
r-devel-linux-x86_64-fedora-gcc 1.0.0 480.40 OK
r-devel-windows-x86_64 1.0.0 30.00 218.00 248.00 NOTE
r-patched-linux-x86_64 1.0.0 38.34 342.57 380.91 OK
r-release-linux-x86_64 1.0.0 34.06 347.94 382.00 OK
r-release-macos-arm64 1.0.0 132.00 NOTE
r-release-macos-x86_64 1.0.0 227.00 NOTE
r-release-windows-x86_64 1.0.0 30.00 214.00 244.00 NOTE
r-oldrel-macos-arm64 1.0.0 150.00 NOTE
r-oldrel-macos-x86_64 1.0.0 235.00 NOTE
r-oldrel-windows-x86_64 1.0.0 41.00 299.00 340.00 NOTE

Check Details

Version: 1.0.0
Check: installed package size
Result: NOTE installed size is 5.6Mb sub-directories of 1Mb or more: data 4.7Mb Flavors: r-devel-linux-x86_64-fedora-clang, r-devel-windows-x86_64, r-release-macos-arm64, r-release-macos-x86_64, r-release-windows-x86_64, r-oldrel-macos-arm64, r-oldrel-macos-x86_64, r-oldrel-windows-x86_64