Last updated on 2025-04-30 19:49:55 CEST.
Flavor | Version | Tinstall | Tcheck | Ttotal | Status | Flags |
---|---|---|---|---|---|---|
r-devel-linux-x86_64-debian-clang | 1.0.0 | 1.64 | 25.07 | 26.71 | NOTE | |
r-devel-linux-x86_64-debian-gcc | 1.0.0 | 1.46 | 20.22 | 21.68 | NOTE | |
r-devel-linux-x86_64-fedora-clang | 1.0.0 | 43.19 | OK | |||
r-devel-linux-x86_64-fedora-gcc | 1.0.0 | 55.78 | OK | |||
r-devel-windows-x86_64 | 1.0.0 | 4.00 | 57.00 | 61.00 | OK | |
r-patched-linux-x86_64 | 1.0.0 | 1.50 | 24.26 | 25.76 | OK | |
r-release-linux-x86_64 | 1.0.0 | 1.48 | 24.46 | 25.94 | OK | |
r-release-macos-arm64 | 1.0.0 | 57.00 | OK | |||
r-release-macos-x86_64 | 1.0.0 | 50.00 | OK | |||
r-release-windows-x86_64 | 1.0.0 | 3.00 | 57.00 | 60.00 | OK | |
r-oldrel-macos-arm64 | 1.0.0 | 37.00 | NOTE | |||
r-oldrel-macos-x86_64 | 1.0.0 | 41.00 | NOTE | |||
r-oldrel-windows-x86_64 | 1.0.0 | 4.00 | 57.00 | 61.00 | NOTE |
Version: 1.0.0
Check: CRAN incoming feasibility
Result: NOTE
Maintainer: ‘Bill Venables <Bill.Venables@gmail.com>’
No Authors@R field in DESCRIPTION.
Please add one, modifying
Authors@R: person(given = "Bill",
family = "Venables",
role = c("aut", "cre"),
email = "Bill.Venables@gmail.com")
as necessary.
Flavors: r-devel-linux-x86_64-debian-clang, r-devel-linux-x86_64-debian-gcc
Version: 1.0.0
Check: LazyData
Result: NOTE
'LazyData' is specified without a 'data' directory
Flavors: r-oldrel-macos-arm64, r-oldrel-macos-x86_64, r-oldrel-windows-x86_64