Last updated on 2023-05-30 20:58:41 CEST.
Flavor | Version | Tinstall | Tcheck | Ttotal | Status | Flags |
---|---|---|---|---|---|---|
r-devel-linux-x86_64-debian-clang | 0.9.17 | 15.55 | 162.63 | 178.18 | OK | |
r-devel-linux-x86_64-debian-gcc | 0.9.17 | 12.24 | 120.53 | 132.77 | OK | |
r-devel-linux-x86_64-fedora-clang | 0.9.17 | 219.39 | NOTE | |||
r-devel-linux-x86_64-fedora-gcc | 0.9.17 | 217.26 | OK | |||
r-devel-windows-x86_64 | 0.9.17 | 17.00 | 169.00 | 186.00 | OK | |
r-patched-linux-x86_64 | 0.9.17 | 17.72 | 149.20 | 166.92 | OK | |
r-release-linux-x86_64 | 0.9.17 | 12.76 | 152.69 | 165.45 | OK | |
r-release-macos-arm64 | 0.9.17 | 92.00 | NOTE | |||
r-release-macos-x86_64 | 0.9.17 | 158.00 | NOTE | |||
r-release-windows-x86_64 | 0.9.17 | 20.00 | 211.00 | 231.00 | OK | |
r-oldrel-macos-arm64 | 0.9.17 | 84.00 | NOTE | |||
r-oldrel-macos-x86_64 | 0.9.17 | 113.00 | NOTE | |||
r-oldrel-windows-x86_64 | 0.9.17 | 20.00 | 193.00 | 213.00 | OK |
Version: 0.9.17
Check: Rd cross-references
Result: NOTE
Undeclared package ‘Rmpi’ in Rd xrefs
Flavor: r-devel-linux-x86_64-fedora-clang
Version: 0.9.17
Check: package dependencies
Result: NOTE
Package suggested but not available for checking: ‘doMPI’
Flavors: r-release-macos-arm64, r-release-macos-x86_64, r-oldrel-macos-arm64, r-oldrel-macos-x86_64
Version: 0.9.17
Check: Rd cross-references
Result: NOTE
Package unavailable to check Rd xrefs: ‘Rmpi’
Flavors: r-release-macos-arm64, r-release-macos-x86_64, r-oldrel-macos-arm64, r-oldrel-macos-x86_64