Last updated on 2025-04-30 13:54:09 CEST.
Flavor | Version | Tinstall | Tcheck | Ttotal | Status | Flags |
---|---|---|---|---|---|---|
r-devel-linux-x86_64-debian-clang | 0.1.0 | 8.76 | 238.13 | 246.89 | NOTE | |
r-devel-linux-x86_64-debian-gcc | 0.1.0 | 6.45 | 140.86 | 147.31 | NOTE | |
r-devel-linux-x86_64-fedora-clang | 0.1.0 | 392.94 | OK | |||
r-devel-linux-x86_64-fedora-gcc | 0.1.0 | 389.36 | OK | |||
r-devel-windows-x86_64 | 0.1.0 | 10.00 | 213.00 | 223.00 | NOTE | |
r-patched-linux-x86_64 | 0.1.0 | 8.33 | 222.96 | 231.29 | NOTE | |
r-release-linux-x86_64 | 0.1.0 | 7.42 | 222.90 | 230.32 | NOTE | |
r-release-macos-arm64 | 0.1.0 | 198.00 | OK | |||
r-release-macos-x86_64 | 0.1.0 | 447.00 | OK | |||
r-release-windows-x86_64 | 0.1.0 | 10.00 | 204.00 | 214.00 | NOTE | |
r-oldrel-macos-arm64 | 0.1.0 | 178.00 | OK | |||
r-oldrel-macos-x86_64 | 0.1.0 | 433.00 | OK | |||
r-oldrel-windows-x86_64 | 0.1.0 | 12.00 | 291.00 | 303.00 | OK |
Version: 0.1.0
Check: CRAN incoming feasibility
Result: NOTE
Maintainer: ‘Jane Pan <jpan1@ucla.edu>’
The Description field contains
(2021) <arXiv:2112.03509>.
Please refer to arXiv e-prints via their arXiv DOI <doi:10.48550/arXiv.YYMM.NNNNN>.
Flavors: r-devel-linux-x86_64-debian-clang, r-devel-linux-x86_64-debian-gcc
Version: 0.1.0
Check: Rd cross-references
Result: NOTE
Found the following Rd file(s) with Rd \link{} targets missing package
anchors:
pwr_curve.Rd: ggplot2
Please provide package anchors for all Rd \link{} targets not in the
package itself and the base packages.
Flavors: r-devel-linux-x86_64-debian-clang, r-devel-linux-x86_64-debian-gcc, r-devel-windows-x86_64, r-patched-linux-x86_64, r-release-linux-x86_64, r-release-windows-x86_64
Version: 0.1.0
Check: examples
Result: NOTE
Examples with CPU (user + system) or elapsed time > 5s
user system elapsed
bayes_sim 5.056 0.161 7.103
Flavor: r-devel-linux-x86_64-debian-clang