Last updated on 2023-11-30 14:48:20 CET.
Flavor | Version | Tinstall | Tcheck | Ttotal | Status | Flags |
---|---|---|---|---|---|---|
r-devel-linux-x86_64-debian-clang | 1.0.1 | 843.13 | 411.44 | 1254.57 | NOTE | |
r-devel-linux-x86_64-debian-gcc | 1.0.1 | 622.90 | 369.72 | 992.62 | NOTE | |
r-devel-linux-x86_64-fedora-clang | 1.0.1 | 1520.51 | NOTE | |||
r-devel-linux-x86_64-fedora-gcc | 1.0.1 | 1829.89 | NOTE | |||
r-devel-windows-x86_64 | 1.0.1 | 505.00 | 381.00 | 886.00 | NOTE | |
r-patched-linux-x86_64 | 1.0.1 | 0.02 | 2.68 | 2.70 | ERROR | |
r-release-linux-x86_64 | 1.0.1 | 590.93 | 478.57 | 1069.50 | NOTE | |
r-release-macos-arm64 | 1.0.1 | 364.00 | NOTE | |||
r-release-macos-x86_64 | 1.0.1 | 568.00 | NOTE | |||
r-release-windows-x86_64 | 1.0.1 | 675.00 | 487.00 | 1162.00 | NOTE | |
r-oldrel-macos-arm64 | 1.0.1 | 316.00 | NOTE | |||
r-oldrel-macos-x86_64 | 1.0.1 | 518.00 | NOTE | |||
r-oldrel-windows-x86_64 | 1.0.1 | 637.00 | 445.00 | 1082.00 | NOTE |
Version: 1.0.1
Check: for GNU extensions in Makefiles
Result: NOTE
GNU make is a SystemRequirements.
Flavors: r-devel-linux-x86_64-debian-clang, r-devel-linux-x86_64-debian-gcc, r-devel-linux-x86_64-fedora-clang, r-devel-linux-x86_64-fedora-gcc, r-devel-windows-x86_64, r-release-linux-x86_64, r-release-macos-arm64, r-release-macos-x86_64, r-release-windows-x86_64, r-oldrel-macos-arm64, r-oldrel-macos-x86_64, r-oldrel-windows-x86_64
Version: 1.0.1
Check: installed package size
Result: NOTE
installed size is 8.5Mb
sub-directories of 1Mb or more:
libs 7.0Mb
Flavors: r-devel-linux-x86_64-fedora-clang, r-devel-windows-x86_64, r-release-macos-arm64, r-release-macos-x86_64, r-release-windows-x86_64, r-oldrel-macos-arm64, r-oldrel-macos-x86_64, r-oldrel-windows-x86_64
Version: 1.0.1
Check: dependencies in R code
Result: NOTE
Namespaces in Imports field not imported from:
‘RcppParallel’ ‘StanHeaders’ ‘astsa’
All declared Imports should be used.
Flavors: r-devel-linux-x86_64-fedora-clang, r-devel-linux-x86_64-fedora-gcc, r-oldrel-macos-arm64, r-oldrel-macos-x86_64
Version: 1.0.1
Check: whether package can be installed
Result: ERROR
Installation failed.
Flavor: r-patched-linux-x86_64