Last updated on 2023-12-07 04:56:17 CET.
Flavor | Version | Tinstall | Tcheck | Ttotal | Status | Flags |
---|---|---|---|---|---|---|
r-devel-linux-x86_64-debian-clang | 1.0.25 | 13.95 | 278.62 | 292.57 | OK | |
r-devel-linux-x86_64-debian-gcc | 1.0.25 | 11.73 | 216.36 | 228.09 | OK | |
r-devel-linux-x86_64-fedora-clang | 1.0.25 | 386.43 | OK | |||
r-devel-linux-x86_64-fedora-gcc | 1.0.25 | 394.77 | OK | |||
r-devel-windows-x86_64 | 1.0.25 | 12.00 | 243.00 | 255.00 | OK | |
r-patched-linux-x86_64 | 1.0.25 | 12.27 | 272.72 | 284.99 | OK | |
r-release-linux-x86_64 | 1.0.25 | 14.88 | 275.93 | 290.81 | OK | |
r-release-macos-arm64 | 1.0.25 | 118.00 | OK | |||
r-release-macos-x86_64 | 1.0.25 | 189.00 | NOTE | |||
r-release-windows-x86_64 | 1.0.25 | 17.00 | 302.00 | 319.00 | OK | |
r-oldrel-macos-arm64 | 1.0.25 | 113.00 | OK | |||
r-oldrel-macos-x86_64 | 1.0.25 | 165.00 | OK | |||
r-oldrel-windows-x86_64 | 1.0.25 | 18.00 | 308.00 | 326.00 | OK |
Version: 1.0.25
Check: package dependencies
Result: NOTE
Packages suggested but not available for checking:
'emdbook', 'rms', 'AICcmodavg'
Flavor: r-release-macos-x86_64
Version: 1.0.25
Check: re-building of vignette outputs
Result: NOTE
Note: skipping ‘quasi.Rnw’ due to unavailable dependencies: 'AICcmodavg'
Flavor: r-release-macos-x86_64