Last updated on 2023-12-01 03:56:22 CET.
Flavor | Version | Tinstall | Tcheck | Ttotal | Status | Flags |
---|---|---|---|---|---|---|
r-devel-linux-x86_64-debian-clang | 0.37.3 | 10.49 | 88.38 | 98.87 | OK | |
r-devel-linux-x86_64-debian-gcc | 0.37.3 | 8.72 | 67.94 | 76.66 | OK | |
r-devel-linux-x86_64-fedora-clang | 0.37.3 | 144.52 | OK | |||
r-devel-linux-x86_64-fedora-gcc | 0.37.3 | 120.24 | OK | |||
r-devel-windows-x86_64 | 0.37.3 | 9.00 | 90.00 | 99.00 | OK | |
r-patched-linux-x86_64 | 0.37.3 | 10.48 | 86.87 | 97.35 | OK | |
r-release-linux-x86_64 | 0.37.3 | 9.19 | 86.01 | 95.20 | OK | |
r-release-macos-arm64 | 0.37.3 | 40.00 | OK | |||
r-release-macos-x86_64 | 0.37.3 | 65.00 | NOTE | |||
r-release-windows-x86_64 | 0.37.3 | 12.00 | 109.00 | 121.00 | OK | |
r-oldrel-macos-arm64 | 0.37.3 | 35.00 | OK | |||
r-oldrel-macos-x86_64 | 0.37.3 | 53.00 | OK | |||
r-oldrel-windows-x86_64 | 0.37.3 | 13.00 | 110.00 | 123.00 | OK |
Version: 0.37.3
Check: package dependencies
Result: NOTE
Package which this enhances but not available for checking: ‘caret’
Flavor: r-release-macos-x86_64