Last updated on 2024-04-18 03:51:49 CEST.
Flavor | Version | Tinstall | Tcheck | Ttotal | Status | Flags |
---|---|---|---|---|---|---|
r-devel-linux-x86_64-debian-clang | 3.1-4 | 12.82 | 194.07 | 206.89 | OK | |
r-devel-linux-x86_64-debian-gcc | 3.1-4 | 12.40 | 140.93 | 153.33 | OK | |
r-devel-linux-x86_64-fedora-clang | 3.1-4 | 254.52 | OK | |||
r-devel-linux-x86_64-fedora-gcc | 3.1-4 | 258.19 | OK | |||
r-prerel-macos-arm64 | 3.1-4 | 76.00 | OK | |||
r-prerel-windows-x86_64 | 3.1-4 | 12.00 | 193.00 | 205.00 | OK | |
r-patched-linux-x86_64 | 3.1-4 | 16.97 | 181.65 | 198.62 | OK | |
r-release-linux-x86_64 | 3.1-4 | 13.82 | 181.34 | 195.16 | OK | |
r-release-macos-arm64 | 3.1-4 | 86.00 | OK | |||
r-release-macos-x86_64 | 3.1-4 | 136.00 | NOTE | |||
r-release-windows-x86_64 | 3.1-4 | 16.00 | 216.00 | 232.00 | OK | |
r-oldrel-macos-arm64 | 3.1-4 | 78.00 | OK | |||
r-oldrel-windows-x86_64 | 3.1-4 | 18.00 | 216.00 | 234.00 | OK |
Version: 3.1-4
Check: package dependencies
Result: NOTE
Package suggested but not available for checking: ‘car’
Flavor: r-release-macos-x86_64
Version: 3.1-4
Check: re-building of vignette outputs
Result: NOTE
Note: skipping ‘betareg.Rnw’ due to unavailable dependencies: 'car'
Flavor: r-release-macos-x86_64