Last updated on 2024-07-27 16:49:02 CEST.
Flavor | Version | Tinstall | Tcheck | Ttotal | Status | Flags |
---|---|---|---|---|---|---|
r-devel-linux-x86_64-debian-clang | 4.3.0 | 35.40 | 224.09 | 259.49 | OK | |
r-devel-linux-x86_64-debian-gcc | 4.3.0 | OK | ||||
r-devel-linux-x86_64-fedora-clang | 4.3.0 | 325.76 | NOTE | |||
r-devel-linux-x86_64-fedora-gcc | 4.3.0 | 305.12 | OK | |||
r-devel-windows-x86_64 | 4.3.0 | 26.00 | 182.00 | 208.00 | OK | |
r-patched-linux-x86_64 | 4.3.0 | OK | ||||
r-release-linux-x86_64 | 4.3.0 | 18.55 | 208.23 | 226.78 | OK | |
r-release-macos-arm64 | 4.3.0 | 84.00 | OK | |||
r-release-macos-x86_64 | 4.3.0 | 264.00 | OK | |||
r-release-windows-x86_64 | 4.3.0 | 22.00 | 177.00 | 199.00 | OK | |
r-oldrel-macos-arm64 | 4.3.0 | 88.00 | OK | |||
r-oldrel-macos-x86_64 | 4.3.0 | 160.00 | OK | |||
r-oldrel-windows-x86_64 | 4.3.0 | 31.00 | 222.00 | 253.00 | OK |
Version: 4.3.0
Check: package dependencies
Result: NOTE
Imports includes 23 non-default packages.
Importing from so many packages makes the package vulnerable to any of
them becoming unavailable. Move as many as possible to Suggests and
use conditionally.
Flavor: r-devel-linux-x86_64-fedora-clang