Last updated on 2025-04-30 00:49:37 CEST.
Flavor | Version | Tinstall | Tcheck | Ttotal | Status | Flags |
---|---|---|---|---|---|---|
r-devel-linux-x86_64-debian-clang | 4.3.3 | 24.69 | 183.12 | 207.81 | NOTE | |
r-devel-linux-x86_64-debian-gcc | 4.3.3 | 17.57 | 125.16 | 142.73 | OK | |
r-devel-linux-x86_64-fedora-clang | 4.3.3 | 313.73 | OK | |||
r-devel-linux-x86_64-fedora-gcc | 4.3.3 | 298.88 | OK | |||
r-devel-windows-x86_64 | 4.3.3 | 26.00 | 191.00 | 217.00 | OK | |
r-patched-linux-x86_64 | 4.3.3 | 26.08 | 170.71 | 196.79 | OK | |
r-release-linux-x86_64 | 4.3.3 | 23.67 | 172.73 | 196.40 | OK | |
r-release-macos-arm64 | 4.3.3 | 87.00 | OK | |||
r-release-macos-x86_64 | 4.3.3 | 170.00 | OK | |||
r-release-windows-x86_64 | 4.3.3 | 29.00 | 184.00 | 213.00 | OK | |
r-oldrel-macos-arm64 | 4.3.3 | 80.00 | OK | |||
r-oldrel-macos-x86_64 | 4.3.3 | 173.00 | OK | |||
r-oldrel-windows-x86_64 | 4.3.3 | 35.00 | 233.00 | 268.00 | OK |
Version: 4.3.3
Check: examples
Result: NOTE
Examples with CPU (user + system) or elapsed time > 5s
user system elapsed
conceptualStructure 4.634 0.108 5.429
Flavor: r-devel-linux-x86_64-debian-clang