CRAN Package Check Results for Package biclustermd

Last updated on 2024-06-24 19:55:13 CEST.

Flavor Version Tinstall Tcheck Ttotal Status Flags
r-devel-linux-x86_64-debian-clang 0.2.3 11.82 168.00 179.82 OK
r-devel-linux-x86_64-debian-gcc 0.2.3 7.40 120.86 128.26 OK
r-devel-linux-x86_64-fedora-clang 0.2.3 221.36 NOTE
r-devel-linux-x86_64-fedora-gcc 0.2.3 224.46 NOTE
r-devel-windows-x86_64 0.2.3 10.00 133.00 143.00 OK
r-patched-linux-x86_64 0.2.3 8.51 160.85 169.36 OK
r-release-linux-x86_64 0.2.3 11.52 160.46 171.98 OK
r-release-macos-arm64 0.2.3 61.00 OK
r-release-macos-x86_64 0.2.3 116.00 OK
r-release-windows-x86_64 0.2.3 11.00 132.00 143.00 OK
r-oldrel-macos-arm64 0.2.3 68.00 OK
r-oldrel-macos-x86_64 0.2.3 115.00 OK
r-oldrel-windows-x86_64 0.2.3 13.00 168.00 181.00 OK

Check Details

Version: 0.2.3
Check: dependencies in R code
Result: NOTE Namespace in Imports field not imported from: ‘nycflights13’ All declared Imports should be used. Flavors: r-devel-linux-x86_64-fedora-clang, r-devel-linux-x86_64-fedora-gcc