Last updated on 2024-08-31 22:49:34 CEST.
Flavor | Version | Tinstall | Tcheck | Ttotal | Status | Flags |
---|---|---|---|---|---|---|
r-devel-linux-x86_64-debian-clang | 0.2.3 | 48.92 | 47.67 | 96.59 | OK | |
r-devel-linux-x86_64-debian-gcc | 0.2.3 | 33.11 | 34.67 | 67.78 | OK | |
r-devel-linux-x86_64-fedora-clang | 0.2.3 | 174.62 | OK | |||
r-devel-linux-x86_64-fedora-gcc | 0.2.3 | 185.02 | OK | |||
r-devel-windows-x86_64 | 0.2.3 | 53.00 | 93.00 | 146.00 | OK | |
r-patched-linux-x86_64 | 0.2.3 | 48.79 | 47.09 | 95.88 | OK | |
r-release-linux-x86_64 | 0.2.3 | 50.38 | 47.20 | 97.58 | OK | |
r-release-macos-arm64 | 0.2.3 | 44.00 | NOTE | |||
r-release-macos-x86_64 | 0.2.3 | 54.00 | NOTE | |||
r-release-windows-x86_64 | 0.2.3 | 55.00 | 93.00 | 148.00 | OK | |
r-oldrel-macos-arm64 | 0.2.3 | 53.00 | NOTE | |||
r-oldrel-macos-x86_64 | 0.2.3 | 82.00 | NOTE | |||
r-oldrel-windows-x86_64 | 0.2.3 | 66.00 | 109.00 | 175.00 | OK |
Version: 0.2.3
Check: installed package size
Result: NOTE
installed size is 5.6Mb
sub-directories of 1Mb or more:
libs 4.6Mb
Flavors: r-release-macos-arm64, r-release-macos-x86_64, r-oldrel-macos-arm64, r-oldrel-macos-x86_64