CRAN Package Check Results for Package bindr

Last updated on 2024-06-16 09:56:00 CEST.

Flavor Version Tinstall Tcheck Ttotal Status Flags
r-devel-linux-x86_64-debian-clang 0.1.1 1.75 23.56 25.31 NOTE
r-devel-linux-x86_64-debian-gcc 0.1.1 1.49 18.86 20.35 NOTE
r-devel-linux-x86_64-fedora-clang 0.1.1 33.34 NOTE
r-devel-linux-x86_64-fedora-gcc 0.1.1 42.92 NOTE
r-devel-windows-x86_64 0.1.1 3.00 45.00 48.00 NOTE
r-patched-linux-x86_64 0.1.1 1.34 22.85 24.19 NOTE
r-release-linux-x86_64 0.1.1 1.87 23.53 25.40 NOTE
r-release-macos-arm64 0.1.1 19.00 NOTE
r-release-macos-x86_64 0.1.1 29.00 NOTE
r-release-windows-x86_64 0.1.1 4.00 45.00 49.00 NOTE
r-oldrel-macos-arm64 0.1.1 20.00 NOTE
r-oldrel-macos-x86_64 0.1.1 28.00 NOTE
r-oldrel-windows-x86_64 0.1.1 3.00 47.00 50.00 NOTE

Check Details

Version: 0.1.1
Check: LazyData
Result: NOTE 'LazyData' is specified without a 'data' directory Flavors: r-devel-linux-x86_64-debian-clang, r-devel-linux-x86_64-debian-gcc, r-devel-linux-x86_64-fedora-clang, r-devel-linux-x86_64-fedora-gcc, r-devel-windows-x86_64, r-patched-linux-x86_64, r-release-linux-x86_64, r-release-macos-arm64, r-release-macos-x86_64, r-release-windows-x86_64, r-oldrel-macos-arm64, r-oldrel-macos-x86_64, r-oldrel-windows-x86_64