Last updated on 2025-04-30 18:51:24 CEST.
Flavor | Version | Tinstall | Tcheck | Ttotal | Status | Flags |
---|---|---|---|---|---|---|
r-devel-linux-x86_64-debian-clang | 1.1.2 | 172.18 | 153.69 | 325.87 | NOTE | |
r-devel-linux-x86_64-debian-gcc | 1.1.2 | 155.81 | 122.50 | 278.31 | NOTE | |
r-devel-linux-x86_64-fedora-clang | 1.1.2 | 500.08 | OK | |||
r-devel-linux-x86_64-fedora-gcc | 1.1.2 | 605.57 | OK | |||
r-devel-windows-x86_64 | 1.1.2 | 186.00 | 196.00 | 382.00 | NOTE | |
r-patched-linux-x86_64 | 1.1.2 | 207.57 | 157.56 | 365.13 | NOTE | |
r-release-linux-x86_64 | 1.1.2 | 199.65 | 159.44 | 359.09 | NOTE | |
r-release-macos-arm64 | 1.1.2 | 145.00 | OK | |||
r-release-macos-x86_64 | 1.1.2 | 395.00 | OK | |||
r-release-windows-x86_64 | 1.1.2 | 183.00 | 191.00 | 374.00 | NOTE | |
r-oldrel-macos-arm64 | 1.1.2 | 82.00 | NOTE | |||
r-oldrel-macos-x86_64 | 1.1.2 | 138.00 | NOTE | |||
r-oldrel-windows-x86_64 | 1.1.2 | 200.00 | 242.00 | 442.00 | NOTE |
Version: 1.1.2
Check: Rd cross-references
Result: NOTE
Found the following Rd file(s) with Rd \link{} targets missing package
anchors:
waic.cumhist.Rd: loo-package
Please provide package anchors for all Rd \link{} targets not in the
package itself and the base packages.
Flavors: r-devel-linux-x86_64-debian-clang, r-devel-linux-x86_64-debian-gcc, r-devel-windows-x86_64, r-patched-linux-x86_64, r-release-linux-x86_64, r-release-windows-x86_64
Version: 1.1.2
Check: installed package size
Result: NOTE
installed size is 54.9Mb
sub-directories of 1Mb or more:
libs 53.9Mb
Flavors: r-oldrel-macos-arm64, r-oldrel-macos-x86_64
Version: 1.1.2
Check: for GNU extensions in Makefiles
Result: NOTE
GNU make is a SystemRequirements.
Flavors: r-oldrel-macos-arm64, r-oldrel-macos-x86_64, r-oldrel-windows-x86_64