Last updated on 2023-12-04 01:48:36 CET.
Flavor | Version | Tinstall | Tcheck | Ttotal | Status | Flags |
---|---|---|---|---|---|---|
r-devel-linux-x86_64-debian-clang | 0.3 | 15.44 | 120.66 | 136.10 | OK | |
r-devel-linux-x86_64-debian-gcc | 0.3 | 10.91 | 90.98 | 101.89 | OK | |
r-devel-linux-x86_64-fedora-clang | 0.3 | 173.43 | NOTE | |||
r-devel-linux-x86_64-fedora-gcc | 0.3 | 174.63 | NOTE | |||
r-devel-windows-x86_64 | 0.3 | 14.00 | 108.00 | 122.00 | OK | |
r-patched-linux-x86_64 | 0.3 | 16.51 | 119.18 | 135.69 | OK | |
r-release-linux-x86_64 | 0.3 | 14.84 | 119.14 | 133.98 | OK | |
r-release-macos-arm64 | 0.3 | 51.00 | OK | |||
r-release-macos-x86_64 | 0.3 | 87.00 | OK | |||
r-release-windows-x86_64 | 0.3 | 17.00 | 126.00 | 143.00 | OK | |
r-oldrel-macos-arm64 | 0.3 | 43.00 | NOTE | |||
r-oldrel-macos-x86_64 | 0.3 | 65.00 | NOTE | |||
r-oldrel-windows-x86_64 | 0.3 | 17.00 | 128.00 | 145.00 | OK |
Version: 0.3
Check: dependencies in R code
Result: NOTE
Namespace in Imports field not imported from: ‘MASS’
All declared Imports should be used.
Flavors: r-devel-linux-x86_64-fedora-clang, r-devel-linux-x86_64-fedora-gcc, r-oldrel-macos-arm64, r-oldrel-macos-x86_64