Last updated on 2023-12-04 12:50:14 CET.
Flavor | Version | Tinstall | Tcheck | Ttotal | Status | Flags |
---|---|---|---|---|---|---|
r-devel-linux-x86_64-debian-clang | 0.20.21 | 51.61 | 72.19 | 123.80 | OK | |
r-devel-linux-x86_64-debian-gcc | 0.20.21 | 34.57 | 55.83 | 90.40 | OK | |
r-devel-linux-x86_64-fedora-clang | 0.20.21 | 176.21 | NOTE | |||
r-devel-linux-x86_64-fedora-gcc | 0.20.21 | 170.30 | OK | |||
r-devel-windows-x86_64 | 0.20.21 | 41.00 | 98.00 | 139.00 | OK | |
r-patched-linux-x86_64 | 0.20.21 | 40.62 | 72.71 | 113.33 | OK | |
r-release-linux-x86_64 | 0.20.21 | 43.97 | 71.43 | 115.40 | OK | |
r-release-macos-arm64 | 0.20.21 | 51.00 | OK | |||
r-release-macos-x86_64 | 0.20.21 | 89.00 | OK | |||
r-release-windows-x86_64 | 0.20.21 | 52.00 | 111.00 | 163.00 | OK | |
r-oldrel-macos-arm64 | 0.20.21 | 51.00 | OK | |||
r-oldrel-macos-x86_64 | 0.20.21 | 90.00 | OK | |||
r-oldrel-windows-x86_64 | 0.20.21 | 47.00 | 104.00 | 151.00 | OK |
Version: 0.20.21
Check: Rd cross-references
Result: NOTE
Undeclared package ‘RColorBrewer’ in Rd xrefs
Flavor: r-devel-linux-x86_64-fedora-clang