Last updated on 2025-02-04 18:49:39 CET.
Flavor | Version | Tinstall | Tcheck | Ttotal | Status | Flags |
---|---|---|---|---|---|---|
r-devel-linux-x86_64-debian-clang | 4.9 | 5.03 | 45.81 | 50.84 | NOTE | |
r-devel-linux-x86_64-debian-gcc | 4.9 | 3.35 | 34.17 | 37.52 | NOTE | |
r-devel-linux-x86_64-fedora-clang | 4.9 | 87.24 | NOTE | |||
r-devel-linux-x86_64-fedora-gcc | 4.9 | 94.26 | NOTE | |||
r-devel-windows-x86_64 | 4.9 | 6.00 | 73.00 | 79.00 | NOTE | |
r-patched-linux-x86_64 | 4.9 | 4.39 | 44.67 | 49.06 | NOTE | |
r-release-linux-x86_64 | 4.9 | 4.12 | 44.64 | 48.76 | NOTE | |
r-release-macos-arm64 | 4.9 | 35.00 | NOTE | |||
r-release-macos-x86_64 | 4.9 | 65.00 | NOTE | |||
r-release-windows-x86_64 | 4.9 | 6.00 | 72.00 | 78.00 | NOTE | |
r-oldrel-macos-arm64 | 4.9 | 35.00 | OK | |||
r-oldrel-macos-x86_64 | 4.9 | 53.00 | OK | |||
r-oldrel-windows-x86_64 | 4.9 | 7.00 | 78.00 | 85.00 | OK |
Version: 4.9
Check: Rd files
Result: NOTE
checkRd: (-1) durban.Rd:16: Lost braces; missing escapes or markup?
16 | This data set was obtained from the durban.rowcol {agridat} example in package 'agridat'
| ^
checkRd: (-1) fraction.Rd:30: Lost braces in \itemize; \value handles \item{}{} directly
checkRd: (-1) fraction.Rd:31-32: Lost braces in \itemize; \value handles \item{}{} directly
checkRd: (-1) fraction.Rd:33: Lost braces in \itemize; \value handles \item{}{} directly
Flavors: r-devel-linux-x86_64-debian-clang, r-devel-linux-x86_64-debian-gcc, r-devel-linux-x86_64-fedora-clang, r-devel-linux-x86_64-fedora-gcc, r-devel-windows-x86_64, r-patched-linux-x86_64, r-release-linux-x86_64, r-release-macos-arm64, r-release-macos-x86_64, r-release-windows-x86_64