Last updated on 2023-12-09 07:49:26 CET.
Flavor | Version | Tinstall | Tcheck | Ttotal | Status | Flags |
---|---|---|---|---|---|---|
r-devel-linux-x86_64-debian-clang | 2.0.0 | 1463.16 | 218.27 | 1681.43 | NOTE | |
r-devel-linux-x86_64-debian-gcc | 2.0.0 | 1166.35 | 212.93 | 1379.28 | NOTE | |
r-devel-linux-x86_64-fedora-clang | 2.0.0 | 2061.18 | NOTE | |||
r-devel-linux-x86_64-fedora-gcc | 2.0.0 | 2641.36 | NOTE | |||
r-devel-windows-x86_64 | 2.0.0 | 1000.00 | 235.00 | 1235.00 | NOTE | |
r-patched-linux-x86_64 | 2.0.0 | 0.02 | 2.30 | 2.32 | ERROR | |
r-release-linux-x86_64 | 2.0.0 | 1054.84 | 277.81 | 1332.65 | NOTE | |
r-release-macos-arm64 | 2.0.0 | 840.00 | NOTE | |||
r-release-macos-x86_64 | 2.0.0 | 949.00 | NOTE | |||
r-release-windows-x86_64 | 2.0.0 | 1274.00 | 310.00 | 1584.00 | NOTE | |
r-oldrel-macos-arm64 | 2.0.0 | 694.00 | NOTE | |||
r-oldrel-macos-x86_64 | 2.0.0 | 857.00 | NOTE | |||
r-oldrel-windows-x86_64 | 2.0.0 | 1210.00 | 270.00 | 1480.00 | NOTE |
Version: 2.0.0
Check: Rd files
Result: NOTE
checkRd: (-1) dot-pred_array_to_df.Rd:20: Lost braces; missing escapes or markup?
20 | Helper function for as.data.frame.{fitted, forecast}. Converts predictive array to data.frame.
| ^
Flavors: r-devel-linux-x86_64-debian-clang, r-devel-linux-x86_64-debian-gcc
Version: 2.0.0
Check: for GNU extensions in Makefiles
Result: NOTE
GNU make is a SystemRequirements.
Flavors: r-devel-linux-x86_64-debian-clang, r-devel-linux-x86_64-debian-gcc, r-devel-linux-x86_64-fedora-clang, r-devel-linux-x86_64-fedora-gcc, r-devel-windows-x86_64, r-release-linux-x86_64, r-release-macos-arm64, r-release-macos-x86_64, r-release-windows-x86_64, r-oldrel-macos-arm64, r-oldrel-macos-x86_64, r-oldrel-windows-x86_64
Version: 2.0.0
Check: installed package size
Result: NOTE
installed size is 13.9Mb
sub-directories of 1Mb or more:
libs 13.0Mb
Flavors: r-devel-linux-x86_64-fedora-clang, r-devel-windows-x86_64, r-release-macos-arm64, r-release-macos-x86_64, r-release-windows-x86_64, r-oldrel-macos-arm64, r-oldrel-macos-x86_64, r-oldrel-windows-x86_64
Version: 2.0.0
Check: whether package can be installed
Result: ERROR
Installation failed.
Flavor: r-patched-linux-x86_64