Last updated on 2024-07-27 16:49:02 CEST.
Flavor | Version | Tinstall | Tcheck | Ttotal | Status | Flags |
---|---|---|---|---|---|---|
r-devel-linux-x86_64-debian-clang | 1.1 | 11.68 | 100.96 | 112.64 | OK | |
r-devel-linux-x86_64-debian-gcc | 1.1 | OK | ||||
r-devel-linux-x86_64-fedora-clang | 1.1 | 134.02 | NOTE | |||
r-devel-linux-x86_64-fedora-gcc | 1.1 | 148.76 | NOTE | |||
r-devel-windows-x86_64 | 1.1 | 11.00 | 87.00 | 98.00 | OK | |
r-patched-linux-x86_64 | 1.1 | OK | ||||
r-release-linux-x86_64 | 1.1 | 11.33 | 92.24 | 103.57 | OK | |
r-release-macos-arm64 | 1.1 | 54.00 | OK | |||
r-release-macos-x86_64 | 1.1 | 78.00 | OK | |||
r-release-windows-x86_64 | 1.1 | 10.00 | 87.00 | 97.00 | OK | |
r-oldrel-macos-arm64 | 1.1 | 48.00 | OK | |||
r-oldrel-macos-x86_64 | 1.1 | 72.00 | OK | |||
r-oldrel-windows-x86_64 | 1.1 | 13.00 | 104.00 | 117.00 | OK |
Version: 1.1
Check: dependencies in R code
Result: NOTE
Namespace in Imports field not imported from: ‘dplyr’
All declared Imports should be used.
Flavors: r-devel-linux-x86_64-fedora-clang, r-devel-linux-x86_64-fedora-gcc