Last updated on 2025-04-30 00:49:38 CEST.
Flavor | Version | Tinstall | Tcheck | Ttotal | Status | Flags |
---|---|---|---|---|---|---|
r-devel-linux-x86_64-debian-clang | 0.1.1 | 56.53 | 559.79 | 616.32 | NOTE | |
r-devel-linux-x86_64-debian-gcc | 0.1.1 | 42.70 | 470.34 | 513.04 | NOTE | |
r-devel-linux-x86_64-fedora-clang | 0.1.1 | 831.13 | OK | |||
r-devel-linux-x86_64-fedora-gcc | 0.1.1 | 1037.68 | OK | |||
r-devel-windows-x86_64 | 0.1.1 | 59.00 | 746.00 | 805.00 | OK | |
r-patched-linux-x86_64 | 0.1.1 | 57.79 | 631.03 | 688.82 | OK | |
r-release-linux-x86_64 | 0.1.1 | 47.77 | 617.84 | 665.61 | OK | |
r-release-macos-arm64 | 0.1.1 | 270.00 | OK | |||
r-release-macos-x86_64 | 0.1.1 | 653.00 | OK | |||
r-release-windows-x86_64 | 0.1.1 | 63.00 | 815.00 | 878.00 | OK | |
r-oldrel-macos-arm64 | 0.1.1 | 156.00 | NOTE | |||
r-oldrel-macos-x86_64 | 0.1.1 | 282.00 | NOTE | |||
r-oldrel-windows-x86_64 | 0.1.1 | 77.00 | 630.00 | 707.00 | NOTE |
Version: 0.1.1
Check: examples
Result: NOTE
Examples with CPU (user + system) or elapsed time > 5s
user system elapsed
plot.summary.horseshoe 6.751 0.193 8.622
Flavor: r-devel-linux-x86_64-debian-clang
Version: 0.1.1
Check: examples
Result: NOTE
Examples with CPU (user + system) or elapsed time > 5s
user system elapsed
plot.summary.horseshoe 5.196 0.24 6.616
Flavor: r-devel-linux-x86_64-debian-gcc
Version: 0.1.1
Check: installed package size
Result: NOTE
installed size is 10.3Mb
sub-directories of 1Mb or more:
data 8.4Mb
libs 1.3Mb
Flavors: r-oldrel-macos-arm64, r-oldrel-macos-x86_64, r-oldrel-windows-x86_64