Last updated on 2024-07-27 16:49:02 CEST.
Flavor | Version | Tinstall | Tcheck | Ttotal | Status | Flags |
---|---|---|---|---|---|---|
r-devel-linux-x86_64-debian-clang | 0.7.0 | 9.86 | 147.27 | 157.13 | OK | |
r-devel-linux-x86_64-debian-gcc | 0.7.0 | NOTE | ||||
r-devel-linux-x86_64-fedora-clang | 0.7.0 | 185.54 | NOTE | |||
r-devel-linux-x86_64-fedora-gcc | 0.7.0 | 185.98 | OK | |||
r-devel-windows-x86_64 | 0.7.0 | 16.00 | 113.00 | 129.00 | NOTE | |
r-patched-linux-x86_64 | 0.7.0 | OK | ||||
r-release-linux-x86_64 | 0.7.0 | 9.90 | 140.33 | 150.23 | OK | |
r-release-macos-arm64 | 0.7.0 | 46.00 | NOTE | |||
r-release-macos-x86_64 | 0.7.0 | 90.00 | NOTE | |||
r-release-windows-x86_64 | 0.7.0 | 14.00 | 111.00 | 125.00 | NOTE | |
r-oldrel-macos-arm64 | 0.7.0 | 50.00 | NOTE | |||
r-oldrel-macos-x86_64 | 0.7.0 | 106.00 | NOTE | |||
r-oldrel-windows-x86_64 | 0.7.0 | 17.00 | 131.00 | 148.00 | NOTE |
Version: 0.7.0
Check: Rd cross-references
Result: NOTE
Found the following Rd file(s) with Rd \link{} targets missing package
anchors:
as_fill_carrier.Rd: tagAppendAttributes, as.tags
bs_dependency.Rd: htmlDependency
nav-items.Rd: tags
navset.Rd: tags
page_navbar.Rd: tags
popover.Rd: div, span, htmlEscape, HTML
save-html.Rd: save_html
tooltip.Rd: div, span, htmlEscape, HTML
Please provide package anchors for all Rd \link{} targets not in the
package itself and the base packages.
Flavors: r-devel-linux-x86_64-debian-gcc, r-devel-windows-x86_64
Version: 0.7.0
Check: installed package size
Result: NOTE
installed size is 12.3Mb
sub-directories of 1Mb or more:
components 1.0Mb
fonts 2.8Mb
lib 5.6Mb
Flavors: r-devel-linux-x86_64-fedora-clang, r-devel-windows-x86_64, r-release-macos-arm64, r-release-macos-x86_64, r-release-windows-x86_64, r-oldrel-macos-arm64, r-oldrel-macos-x86_64, r-oldrel-windows-x86_64