Last updated on 2024-03-28 16:48:27 CET.
Flavor | Version | Tinstall | Tcheck | Ttotal | Status | Flags |
---|---|---|---|---|---|---|
r-devel-linux-x86_64-debian-clang | 2.2 | 39.72 | 32.71 | 72.43 | NOTE | |
r-devel-linux-x86_64-debian-gcc | 2.2 | 32.34 | 25.82 | 58.16 | NOTE | |
r-devel-linux-x86_64-fedora-clang | 2.2 | 104.69 | NOTE | |||
r-devel-linux-x86_64-fedora-gcc | 2.2 | 104.65 | NOTE | |||
r-devel-windows-x86_64 | 2.2 | 33.00 | 65.00 | 98.00 | NOTE | |
r-patched-linux-x86_64 | 2.2 | 37.84 | 33.03 | 70.87 | NOTE | |
r-release-linux-x86_64 | 2.2 | 37.11 | 31.97 | 69.08 | OK | |
r-release-macos-arm64 | 2.2 | 29.00 | OK | |||
r-release-macos-x86_64 | 2.2 | 65.00 | OK | |||
r-release-windows-x86_64 | 2.2 | 38.00 | 74.00 | 112.00 | OK | |
r-oldrel-macos-arm64 | 2.2 | 33.00 | OK | |||
r-oldrel-windows-x86_64 | 2.2 | 38.00 | 73.00 | 111.00 | OK |
Version: 2.2
Check: Rd files
Result: NOTE
checkRd: (-1) bsc.Rd:51: Lost braces; missing escapes or markup?
51 | {splines::bs()}, {splines2::bSpline()}
| ^
checkRd: (-1) bsp.Rd:37: Lost braces; missing escapes or markup?
37 | {bsc}, {par2bsp}
| ^
checkRd: (-1) bspline.Rd:23: Lost braces in \itemize; meant \describe ?
checkRd: (-1) bspline.Rd:24: Lost braces in \itemize; meant \describe ?
checkRd: (-1) bspline.Rd:25: Lost braces in \itemize; meant \describe ?
checkRd: (-1) bspline.Rd:26: Lost braces in \itemize; meant \describe ?
checkRd: (-1) bspline.Rd:27: Lost braces in \itemize; meant \describe ?
checkRd: (-1) bspline.Rd:28: Lost braces in \itemize; meant \describe ?
checkRd: (-1) bspline.Rd:29: Lost braces in \itemize; meant \describe ?
checkRd: (-1) bspline.Rd:30: Lost braces in \itemize; meant \describe ?
Flavors: r-devel-linux-x86_64-debian-clang, r-devel-linux-x86_64-debian-gcc, r-devel-linux-x86_64-fedora-clang, r-devel-linux-x86_64-fedora-gcc, r-devel-windows-x86_64, r-patched-linux-x86_64