Last updated on 2025-04-30 18:51:25 CEST.
Flavor | Version | Tinstall | Tcheck | Ttotal | Status | Flags |
---|---|---|---|---|---|---|
r-devel-linux-x86_64-debian-clang | 0.2.1 | 21.25 | 56.69 | 77.94 | NOTE | |
r-devel-linux-x86_64-debian-gcc | 0.2.1 | 14.19 | 40.54 | 54.73 | NOTE | |
r-devel-linux-x86_64-fedora-clang | 0.2.1 | 129.48 | NOTE | |||
r-devel-linux-x86_64-fedora-gcc | 0.2.1 | 118.24 | NOTE | |||
r-devel-windows-x86_64 | 0.2.1 | 27.00 | 93.00 | 120.00 | NOTE | |
r-patched-linux-x86_64 | 0.2.1 | 20.50 | 53.67 | 74.17 | NOTE | |
r-release-linux-x86_64 | 0.2.1 | 19.95 | 53.11 | 73.06 | NOTE | |
r-release-macos-arm64 | 0.2.1 | 41.00 | NOTE | |||
r-release-macos-x86_64 | 0.2.1 | 133.00 | NOTE | |||
r-release-windows-x86_64 | 0.2.1 | 30.00 | 85.00 | 115.00 | NOTE | |
r-oldrel-macos-arm64 | 0.2.1 | 38.00 | NOTE | |||
r-oldrel-macos-x86_64 | 0.2.1 | 49.00 | NOTE | |||
r-oldrel-windows-x86_64 | 0.2.1 | 33.00 | 103.00 | 136.00 | NOTE |
Version: 0.2.1
Check: CRAN incoming feasibility
Result: NOTE
Maintainer: ‘Marius Puke <marius.puke@uni-hohenheim.de>’
Package CITATION file contains call(s) to old-style citEntry(). Please
use bibentry() instead.
The Description field contains
<arXiv:2203.04065>.
Please refer to arXiv e-prints via their arXiv DOI <doi:10.48550/arXiv.YYMM.NNNNN>.
Flavors: r-devel-linux-x86_64-debian-clang, r-devel-linux-x86_64-debian-gcc
Version: 0.2.1
Check: Rd files
Result: NOTE
checkRd: (-1) calibration_bands.Rd:19: Lost braces; missing escapes or markup?
19 | \item{y}{response variable (in {0,1}).}
| ^
Flavors: r-devel-linux-x86_64-debian-clang, r-devel-linux-x86_64-debian-gcc, r-devel-linux-x86_64-fedora-clang, r-devel-linux-x86_64-fedora-gcc, r-devel-windows-x86_64, r-patched-linux-x86_64, r-release-linux-x86_64, r-release-macos-arm64, r-release-macos-x86_64, r-release-windows-x86_64, r-oldrel-macos-arm64, r-oldrel-macos-x86_64, r-oldrel-windows-x86_64
Version: 0.2.1
Check: examples
Result: NOTE
Examples with CPU (user + system) or elapsed time > 5s
user system elapsed
plot.calibrationband 3.428 0.063 5.217
Flavor: r-devel-linux-x86_64-debian-clang