Last updated on 2024-03-29 15:54:33 CET.
Flavor | Version | Tinstall | Tcheck | Ttotal | Status | Flags |
---|---|---|---|---|---|---|
r-devel-linux-x86_64-debian-clang | 3.0-5 | 3.03 | 25.81 | 28.84 | NOTE | |
r-devel-linux-x86_64-debian-gcc | 3.0-5 | 2.82 | 20.60 | 23.42 | NOTE | |
r-devel-linux-x86_64-fedora-clang | 3.0-5 | 38.48 | NOTE | |||
r-devel-linux-x86_64-fedora-gcc | 3.0-5 | 38.56 | NOTE | |||
r-devel-windows-x86_64 | 3.0-5 | 5.00 | 52.00 | 57.00 | NOTE | |
r-patched-linux-x86_64 | 3.0-5 | 5.36 | 26.01 | 31.37 | NOTE | |
r-release-linux-x86_64 | 3.0-5 | 4.02 | 26.08 | 30.10 | NOTE | |
r-release-macos-arm64 | 3.0-5 | 18.00 | NOTE | |||
r-release-macos-x86_64 | 3.0-5 | 23.00 | NOTE | |||
r-release-windows-x86_64 | 3.0-5 | 6.00 | 54.00 | 60.00 | NOTE | |
r-oldrel-macos-arm64 | 3.0-5 | 17.00 | OK | |||
r-oldrel-windows-x86_64 | 3.0-5 | 6.00 | 56.00 | 62.00 | OK |
Version: 3.0-5
Check: Rd files
Result: NOTE
checkRd: (-1) States.Rd:48: Escaped LaTeX specials: \$
Flavors: r-devel-linux-x86_64-debian-clang, r-devel-linux-x86_64-debian-gcc, r-devel-linux-x86_64-fedora-clang, r-devel-linux-x86_64-fedora-gcc, r-devel-windows-x86_64, r-patched-linux-x86_64, r-release-linux-x86_64, r-release-macos-arm64, r-release-macos-x86_64, r-release-windows-x86_64