Last updated on 2025-04-29 09:51:48 CEST.
Flavor | Version | Tinstall | Tcheck | Ttotal | Status | Flags |
---|---|---|---|---|---|---|
r-devel-linux-x86_64-debian-clang | 1.0.3 | 6.75 | 93.78 | 100.53 | NOTE | |
r-devel-linux-x86_64-debian-gcc | 1.0.3 | 4.48 | 63.74 | 68.22 | OK | |
r-devel-linux-x86_64-fedora-clang | 1.0.3 | 146.66 | OK | |||
r-devel-linux-x86_64-fedora-gcc | 1.0.3 | 155.22 | OK | |||
r-devel-windows-x86_64 | 1.0.3 | 7.00 | 107.00 | 114.00 | OK | |
r-patched-linux-x86_64 | 1.0.3 | 6.95 | 87.86 | 94.81 | OK | |
r-release-linux-x86_64 | 1.0.3 | 5.67 | 87.80 | 93.47 | OK | |
r-release-macos-arm64 | 1.0.3 | 50.00 | OK | |||
r-release-macos-x86_64 | 1.0.3 | 114.00 | OK | |||
r-release-windows-x86_64 | 1.0.3 | 9.00 | 108.00 | 117.00 | OK | |
r-oldrel-macos-arm64 | 1.0.3 | 54.00 | OK | |||
r-oldrel-macos-x86_64 | 1.0.3 | 92.00 | OK | |||
r-oldrel-windows-x86_64 | 1.0.3 | 10.00 | 131.00 | 141.00 | OK |
Version: 1.0.3
Check: examples
Result: NOTE
Examples with CPU (user + system) or elapsed time > 5s
user system elapsed
plot.c4c_co2_result 6.212 0.016 9.381
fuel_and_co2_evaluation 5.520 0.056 6.780
Flavor: r-devel-linux-x86_64-debian-clang