CRAN Package Check Results for Package cartographer

Last updated on 2025-04-30 01:50:14 CEST.

Flavor Version Tinstall Tcheck Ttotal Status Flags
r-devel-linux-x86_64-debian-clang 0.2.1 3.23 44.62 47.85 NOTE
r-devel-linux-x86_64-debian-gcc 0.2.1 2.35 33.74 36.09 NOTE
r-devel-linux-x86_64-fedora-clang 0.2.1 77.47 NOTE
r-devel-linux-x86_64-fedora-gcc 0.2.1 87.45 NOTE
r-devel-windows-x86_64 0.2.1 8.00 64.00 72.00 NOTE
r-patched-linux-x86_64 0.2.1 3.14 42.11 45.25 NOTE
r-release-linux-x86_64 0.2.1 2.26 41.48 43.74 NOTE
r-release-macos-arm64 0.2.1 46.00 NOTE
r-release-macos-x86_64 0.2.1 59.00 NOTE
r-release-windows-x86_64 0.2.1 7.00 65.00 72.00 NOTE
r-oldrel-macos-arm64 0.2.1 32.00 NOTE
r-oldrel-macos-x86_64 0.2.1 47.00 NOTE
r-oldrel-windows-x86_64 0.2.1 9.00 75.00 84.00 NOTE

Check Details

Version: 0.2.1
Check: compiled code
Result: NOTE File ‘cartographer/libs/cartographer.so’: Found non-API call to R: ‘PRVALUE’ Compiled code should not call non-API entry points in R. See ‘Writing portable packages’ in the ‘Writing R Extensions’ manual, and section ‘Moving into C API compliance’ for issues with the use of non-API entry points. Flavors: r-devel-linux-x86_64-debian-clang, r-devel-linux-x86_64-debian-gcc, r-devel-linux-x86_64-fedora-clang, r-devel-linux-x86_64-fedora-gcc, r-patched-linux-x86_64, r-release-linux-x86_64, r-release-macos-arm64, r-release-macos-x86_64

Version: 0.2.1
Check: compiled code
Result: NOTE File 'cartographer/libs/x64/cartographer.dll': Found non-API call to R: 'PRVALUE' Compiled code should not call non-API entry points in R. See 'Writing portable packages' in the 'Writing R Extensions' manual, and section 'Moving into C API compliance' for issues with the use of non-API entry points. Flavors: r-devel-windows-x86_64, r-release-windows-x86_64

Version: 0.2.1
Check: package dependencies
Result: NOTE Package suggested but not available for checking: ‘rnaturalearthhires’ Flavors: r-oldrel-macos-arm64, r-oldrel-macos-x86_64, r-oldrel-windows-x86_64