Last updated on 2024-07-27 16:49:02 CEST.
Flavor | Version | Tinstall | Tcheck | Ttotal | Status | Flags |
---|---|---|---|---|---|---|
r-devel-linux-x86_64-debian-clang | 0.10.5 | 12.84 | 421.93 | 434.77 | OK | |
r-devel-linux-x86_64-debian-gcc | 0.10.5 | NOTE | ||||
r-devel-linux-x86_64-fedora-clang | 0.10.5 | 556.03 | NOTE | |||
r-devel-linux-x86_64-fedora-gcc | 0.10.5 | 567.43 | OK | |||
r-devel-windows-x86_64 | 0.10.5 | 16.00 | 286.00 | 302.00 | NOTE | |
r-patched-linux-x86_64 | 0.10.5 | OK | ||||
r-release-linux-x86_64 | 0.10.5 | 12.19 | 410.19 | 422.38 | OK | |
r-release-macos-arm64 | 0.10.5 | 153.00 | NOTE | |||
r-release-macos-x86_64 | 0.10.5 | 230.00 | NOTE | |||
r-release-windows-x86_64 | 0.10.5 | 16.00 | 283.00 | 299.00 | NOTE | |
r-oldrel-macos-arm64 | 0.10.5 | 156.00 | NOTE | |||
r-oldrel-macos-x86_64 | 0.10.5 | 355.00 | NOTE | |||
r-oldrel-windows-x86_64 | 0.10.5 | 19.00 | 355.00 | 374.00 | NOTE |
Version: 0.10.5
Check: Rd cross-references
Result: NOTE
Found the following Rd file(s) with Rd \link{} targets missing package
anchors:
popTime.Rd: theme_minimal, geom_ribbon, geom_point,
scale_color_manual, scale_fill_manual, theme, facet_wrap,
scale_colour_manual
Please provide package anchors for all Rd \link{} targets not in the
package itself and the base packages.
Flavors: r-devel-linux-x86_64-debian-gcc, r-devel-windows-x86_64
Version: 0.10.5
Check: installed package size
Result: NOTE
installed size is 6.7Mb
sub-directories of 1Mb or more:
doc 5.4Mb
Flavors: r-devel-linux-x86_64-fedora-clang, r-devel-windows-x86_64, r-release-macos-arm64, r-release-macos-x86_64, r-release-windows-x86_64, r-oldrel-macos-arm64, r-oldrel-macos-x86_64, r-oldrel-windows-x86_64