Last updated on 2025-02-04 16:49:07 CET.
Flavor | Version | Tinstall | Tcheck | Ttotal | Status | Flags |
---|---|---|---|---|---|---|
r-devel-linux-x86_64-debian-clang | 1.3.0 | 12.30 | 136.05 | 148.35 | NOTE | |
r-devel-linux-x86_64-debian-gcc | 1.3.0 | 7.43 | 93.68 | 101.11 | NOTE | |
r-devel-linux-x86_64-fedora-clang | 1.3.0 | 229.90 | NOTE | |||
r-devel-linux-x86_64-fedora-gcc | 1.3.0 | 222.92 | NOTE | |||
r-devel-windows-x86_64 | 1.3.0 | 13.00 | 123.00 | 136.00 | NOTE | |
r-patched-linux-x86_64 | 1.3.0 | 11.51 | 116.31 | 127.82 | OK | |
r-release-linux-x86_64 | 1.3.0 | 10.66 | 116.35 | 127.01 | OK | |
r-release-macos-arm64 | 1.3.0 | 74.00 | OK | |||
r-release-macos-x86_64 | 1.3.0 | 123.00 | OK | |||
r-release-windows-x86_64 | 1.3.0 | 13.00 | 121.00 | 134.00 | OK | |
r-oldrel-macos-arm64 | 1.3.0 | 72.00 | ERROR | |||
r-oldrel-macos-x86_64 | 1.3.0 | 120.00 | OK | |||
r-oldrel-windows-x86_64 | 1.3.0 | 15.00 | 150.00 | 165.00 | ERROR |
Version: 1.3.0
Check: DESCRIPTION meta-information
Result: NOTE
Missing dependency on R >= 4.1.0 because package code uses the pipe
|> or function shorthand \(...) syntax added in R 4.1.0.
File(s) using such syntax:
‘pipelines.r’ ‘rate_plot.R’
Flavors: r-devel-linux-x86_64-debian-clang, r-devel-linux-x86_64-debian-gcc, r-devel-linux-x86_64-fedora-clang, r-devel-linux-x86_64-fedora-gcc, r-devel-windows-x86_64
Version: 1.3.0
Check: re-building of vignette outputs
Result: ERROR
Error(s) in re-building vignettes:
--- re-building ‘atp_calculation.Rmd’ using rmarkdown
File mito_glyco_tests.png not found in resource path
Error: processing vignette 'atp_calculation.Rmd' failed with diagnostics:
pandoc document conversion failed with error 99
--- failed re-building ‘atp_calculation.Rmd’
--- re-building ‘ceas.Rmd’ using rmarkdown
--- finished re-building ‘ceas.Rmd’
SUMMARY: processing the following file failed:
‘atp_calculation.Rmd’
Error: Vignette re-building failed.
Execution halted
Flavors: r-oldrel-macos-arm64, r-oldrel-windows-x86_64