Last updated on 2025-02-04 17:49:10 CET.
Flavor | Version | Tinstall | Tcheck | Ttotal | Status | Flags |
---|---|---|---|---|---|---|
r-devel-linux-x86_64-debian-clang | 0.5.3 | 23.72 | 88.82 | 112.54 | NOTE | |
r-devel-linux-x86_64-debian-gcc | 0.5.3 | 13.07 | 59.95 | 73.02 | NOTE | |
r-devel-linux-x86_64-fedora-clang | 0.5.3 | 187.14 | OK | |||
r-devel-linux-x86_64-fedora-gcc | 0.5.3 | 168.01 | OK | |||
r-devel-windows-x86_64 | 0.5.3 | 21.00 | 88.00 | 109.00 | NOTE | |
r-patched-linux-x86_64 | 0.5.3 | 21.73 | 80.66 | 102.39 | OK | |
r-release-linux-x86_64 | 0.5.3 | 20.80 | 81.27 | 102.07 | OK | |
r-release-macos-arm64 | 0.5.3 | 46.00 | OK | |||
r-release-macos-x86_64 | 0.5.3 | 70.00 | OK | |||
r-release-windows-x86_64 | 0.5.3 | 21.00 | 86.00 | 107.00 | OK | |
r-oldrel-macos-arm64 | 0.5.3 | 49.00 | OK | |||
r-oldrel-macos-x86_64 | 0.5.3 | 87.00 | OK | |||
r-oldrel-windows-x86_64 | 0.5.3 | 28.00 | 106.00 | 134.00 | OK |
Version: 0.5.3
Check: Rd cross-references
Result: NOTE
Found the following Rd file(s) with Rd \link{} targets missing package
anchors:
tobit1.Rd: gam, ziplss
tobit2.Rd: gam, ziplss
Please provide package anchors for all Rd \link{} targets not in the
package itself and the base packages.
Flavors: r-devel-linux-x86_64-debian-clang, r-devel-linux-x86_64-debian-gcc, r-devel-windows-x86_64