Last updated on 2023-11-28 08:56:20 CET.
Flavor | Version | Tinstall | Tcheck | Ttotal | Status | Flags |
---|---|---|---|---|---|---|
r-devel-linux-x86_64-debian-clang | 0.8.0 | 29.79 | 286.03 | 315.82 | NOTE | |
r-devel-linux-x86_64-debian-gcc | 0.8.0 | 23.10 | 208.07 | 231.17 | NOTE | |
r-devel-linux-x86_64-fedora-clang | 0.8.0 | 380.07 | OK | |||
r-devel-linux-x86_64-fedora-gcc | 0.8.0 | 363.51 | OK | |||
r-devel-windows-x86_64 | 0.8.0 | 24.00 | 179.00 | 203.00 | OK | |
r-patched-linux-x86_64 | 0.8.0 | 24.33 | 267.04 | 291.37 | OK | |
r-release-linux-x86_64 | 0.8.0 | 30.10 | 219.03 | 249.13 | OK | |
r-release-macos-arm64 | 0.8.0 | 94.00 | OK | |||
r-release-macos-x86_64 | 0.8.0 | 243.00 | NOTE | |||
r-release-windows-x86_64 | 0.8.0 | 34.00 | 238.00 | 272.00 | OK | |
r-oldrel-macos-arm64 | 0.8.0 | 88.00 | OK | |||
r-oldrel-macos-x86_64 | 0.8.0 | 116.00 | OK | |||
r-oldrel-windows-x86_64 | 0.8.0 | 33.00 | 231.00 | 264.00 | OK |
Version: 0.8.0
Check: Rd files
Result: NOTE
checkRd: (-1) cities.Rd:8: Lost braces; missing escapes or markup?
8 | Dataset from package {maps}.
| ^
Flavors: r-devel-linux-x86_64-debian-clang, r-devel-linux-x86_64-debian-gcc
Version: 0.8.0
Check: installed package size
Result: NOTE
installed size is 5.1Mb
sub-directories of 1Mb or more:
R 2.2Mb
help 2.2Mb
Flavor: r-release-macos-x86_64