Last updated on 2023-09-25 03:08:11 CEST.
Flavor | Version | Tinstall | Tcheck | Ttotal | Status | Flags |
---|---|---|---|---|---|---|
r-devel-linux-x86_64-debian-clang | 0.12.2 | 22.08 | 122.28 | 144.36 | OK | |
r-devel-linux-x86_64-debian-gcc | 0.12.2 | 16.57 | 91.35 | 107.92 | OK | |
r-devel-linux-x86_64-fedora-clang | 0.12.2 | 179.74 | NOTE | |||
r-devel-linux-x86_64-fedora-gcc | 0.12.2 | 174.31 | OK | |||
r-devel-windows-x86_64 | 0.12.2 | 21.00 | 121.00 | 142.00 | NOTE | |
r-patched-linux-x86_64 | 0.12.2 | 20.14 | 122.68 | 142.82 | OK | |
r-release-linux-x86_64 | 0.12.2 | 13.79 | 121.29 | 135.08 | OK | |
r-release-macos-arm64 | 0.12.2 | 46.00 | NOTE | |||
r-release-macos-x86_64 | 0.12.2 | 107.00 | NOTE | |||
r-release-windows-x86_64 | 0.12.2 | 25.00 | 140.00 | 165.00 | NOTE | |
r-oldrel-macos-arm64 | 0.12.2 | 42.00 | NOTE | |||
r-oldrel-macos-x86_64 | 0.12.2 | 66.00 | NOTE | |||
r-oldrel-windows-x86_64 | 0.12.2 | 26.00 | 105.00 | 131.00 | NOTE |
Version: 0.12.2
Check: installed package size
Result: NOTE
installed size is 6.6Mb
sub-directories of 1Mb or more:
R 1.7Mb
extdata 4.3Mb
Flavors: r-devel-linux-x86_64-fedora-clang, r-devel-windows-x86_64, r-release-macos-arm64, r-release-macos-x86_64, r-release-windows-x86_64, r-oldrel-macos-arm64, r-oldrel-macos-x86_64, r-oldrel-windows-x86_64