CRAN Package Check Results for Package citationchaser

Last updated on 2025-04-30 13:54:10 CEST.

Flavor Version Tinstall Tcheck Ttotal Status Flags
r-devel-linux-x86_64-debian-clang 0.0.4 9.44 83.72 93.16 NOTE
r-devel-linux-x86_64-debian-gcc 0.0.4 7.78 59.50 67.28 NOTE
r-devel-linux-x86_64-fedora-clang 0.0.4 156.55 NOTE
r-devel-linux-x86_64-fedora-gcc 0.0.4 132.14 NOTE
r-devel-windows-x86_64 0.0.4 11.00 93.00 104.00 OK
r-patched-linux-x86_64 0.0.4 10.95 78.56 89.51 OK
r-release-linux-x86_64 0.0.4 9.98 78.65 88.63 OK
r-release-macos-arm64 0.0.4 42.00 OK
r-release-macos-x86_64 0.0.4 73.00 OK
r-release-windows-x86_64 0.0.4 12.00 91.00 103.00 OK
r-oldrel-macos-arm64 0.0.4 41.00 OK
r-oldrel-macos-x86_64 0.0.4 63.00 OK
r-oldrel-windows-x86_64 0.0.4 16.00 112.00 128.00 OK

Check Details

Version: 0.0.4
Check: CRAN incoming feasibility
Result: NOTE Maintainer: ‘Neal Haddaway <nealhaddaway@gmail.com>’ Package CITATION file contains call(s) to old-style citEntry(). Please use bibentry() instead. Flavors: r-devel-linux-x86_64-debian-clang, r-devel-linux-x86_64-debian-gcc

Version: 0.0.4
Check: dependencies in R code
Result: NOTE Namespace in Imports field not imported from: ‘networkD3’ All declared Imports should be used. Flavors: r-devel-linux-x86_64-fedora-clang, r-devel-linux-x86_64-fedora-gcc