CRAN Package Check Results for Package cliapp

Last updated on 2023-06-07 13:01:48 CEST.

Flavor Version Tinstall Tcheck Ttotal Status Flags
r-devel-linux-x86_64-debian-clang 0.1.1 6.72 177.03 183.75 NOTE
r-devel-linux-x86_64-debian-gcc 0.1.1 4.04 136.94 140.98 NOTE
r-devel-linux-x86_64-fedora-clang 0.1.1 230.55 NOTE
r-devel-linux-x86_64-fedora-gcc 0.1.1 217.94 NOTE
r-devel-windows-x86_64 0.1.1 7.00 126.00 133.00 NOTE
r-patched-linux-x86_64 0.1.1 6.08 172.24 178.32 NOTE
r-release-linux-x86_64 0.1.1 5.54 175.71 181.25 NOTE
r-release-macos-arm64 0.1.1 66.00 NOTE
r-release-macos-x86_64 0.1.1 110.00 NOTE
r-release-windows-x86_64 0.1.1 8.00 156.00 164.00 NOTE
r-oldrel-macos-arm64 0.1.1 48.00 NOTE
r-oldrel-macos-x86_64 0.1.1 78.00 NOTE
r-oldrel-windows-x86_64 0.1.1 8.00 154.00 162.00 NOTE

Check Details

Version: 0.1.1
Check: LazyData
Result: NOTE
     'LazyData' is specified without a 'data' directory
Flavors: r-devel-linux-x86_64-debian-clang, r-devel-linux-x86_64-debian-gcc, r-devel-linux-x86_64-fedora-clang, r-devel-linux-x86_64-fedora-gcc, r-devel-windows-x86_64, r-patched-linux-x86_64, r-release-linux-x86_64, r-release-macos-arm64, r-release-macos-x86_64, r-release-windows-x86_64, r-oldrel-macos-arm64, r-oldrel-macos-x86_64, r-oldrel-windows-x86_64