Last updated on 2024-03-29 06:56:22 CET.
Flavor | Version | Tinstall | Tcheck | Ttotal | Status | Flags |
---|---|---|---|---|---|---|
r-devel-linux-x86_64-debian-clang | 0.5.2 | 5.61 | 54.35 | 59.96 | OK | |
r-devel-linux-x86_64-debian-gcc | 0.5.2 | 4.02 | 42.24 | 46.26 | OK | |
r-devel-linux-x86_64-fedora-clang | 0.5.2 | 76.43 | NOTE | |||
r-devel-linux-x86_64-fedora-gcc | 0.5.2 | 87.86 | NOTE | |||
r-devel-windows-x86_64 | 0.5.2 | 7.00 | 86.00 | 93.00 | OK | |
r-patched-linux-x86_64 | 0.5.2 | 4.24 | 53.52 | 57.76 | OK | |
r-release-linux-x86_64 | 0.5.2 | 5.36 | 53.74 | 59.10 | OK | |
r-release-macos-arm64 | 0.5.2 | 45.00 | OK | |||
r-release-macos-x86_64 | 0.5.2 | 60.00 | OK | |||
r-release-windows-x86_64 | 0.5.2 | 9.00 | 94.00 | 103.00 | OK | |
r-oldrel-macos-arm64 | 0.5.2 | 54.00 | OK | |||
r-oldrel-windows-x86_64 | 0.5.2 | 11.00 | 94.00 | 105.00 | OK |
Version: 0.5.2
Check: data for non-ASCII characters
Result: NOTE
Note: found 10332 marked UTF-8 strings
Flavors: r-devel-linux-x86_64-fedora-clang, r-devel-linux-x86_64-fedora-gcc