Last updated on 2025-04-30 12:49:00 CEST.
Flavor | Version | Tinstall | Tcheck | Ttotal | Status | Flags |
---|---|---|---|---|---|---|
r-devel-linux-x86_64-debian-clang | 0.4.0 | 5.58 | 69.59 | 75.17 | NOTE | |
r-devel-linux-x86_64-debian-gcc | 0.4.0 | 5.07 | 54.03 | 59.10 | NOTE | |
r-devel-linux-x86_64-fedora-clang | 0.4.0 | 119.73 | OK | |||
r-devel-linux-x86_64-fedora-gcc | 0.4.0 | 128.60 | OK | |||
r-devel-windows-x86_64 | 0.4.0 | 7.00 | 105.00 | 112.00 | OK | |
r-patched-linux-x86_64 | 0.4.0 | 6.73 | 67.25 | 73.98 | OK | |
r-release-linux-x86_64 | 0.4.0 | 6.62 | 67.70 | 74.32 | OK | |
r-release-macos-arm64 | 0.4.0 | 59.00 | OK | |||
r-release-macos-x86_64 | 0.4.0 | 108.00 | OK | |||
r-release-windows-x86_64 | 0.4.0 | 8.00 | 105.00 | 113.00 | OK | |
r-oldrel-macos-arm64 | 0.4.0 | 45.00 | OK | |||
r-oldrel-macos-x86_64 | 0.4.0 | 158.00 | OK | |||
r-oldrel-windows-x86_64 | 0.4.0 | 9.00 | 128.00 | 137.00 | OK |
Version: 0.4.0
Check: CRAN incoming feasibility
Result: NOTE
Maintainer: ‘Bill Venables <Bill.Venables@gmail.com>’
No Authors@R field in DESCRIPTION.
Please add one, modifying
Authors@R: person(given = "Bill",
family = "Venables",
role = c("aut", "cre"),
email = "bill.venables@gmail.com")
as necessary.
Flavors: r-devel-linux-x86_64-debian-clang, r-devel-linux-x86_64-debian-gcc