Last updated on 2024-08-31 22:49:35 CEST.
Flavor | Version | Tinstall | Tcheck | Ttotal | Status | Flags |
---|---|---|---|---|---|---|
r-devel-linux-x86_64-debian-clang | 0.1.1 | 4.91 | 148.20 | 153.11 | NOTE | |
r-devel-linux-x86_64-debian-gcc | 0.1.1 | 4.32 | 101.47 | 105.79 | NOTE | |
r-devel-linux-x86_64-fedora-clang | 0.1.1 | 259.53 | NOTE | |||
r-devel-linux-x86_64-fedora-gcc | 0.1.1 | 282.43 | NOTE | |||
r-devel-windows-x86_64 | 0.1.1 | 8.00 | 245.00 | 253.00 | NOTE | |
r-patched-linux-x86_64 | 0.1.1 | 8.85 | 137.04 | 145.89 | NOTE | |
r-release-linux-x86_64 | 0.1.1 | 5.24 | 137.61 | 142.85 | NOTE | |
r-release-macos-arm64 | 0.1.1 | 83.00 | NOTE | |||
r-release-macos-x86_64 | 0.1.1 | 129.00 | NOTE | |||
r-release-windows-x86_64 | 0.1.1 | 7.00 | 216.00 | 223.00 | NOTE | |
r-oldrel-macos-arm64 | 0.1.1 | 84.00 | NOTE | |||
r-oldrel-macos-x86_64 | 0.1.1 | 136.00 | NOTE | |||
r-oldrel-windows-x86_64 | 0.1.1 | 10.00 | 227.00 | 237.00 | NOTE |
Version: 0.1.1
Check: Rd cross-references
Result: NOTE
Found the following Rd file(s) with Rd \link{} targets missing package
anchors:
roi_select.Rd: imager
Please provide package anchors for all Rd \link{} targets not in the
package itself and the base packages.
Flavors: r-devel-linux-x86_64-debian-clang, r-devel-linux-x86_64-debian-gcc, r-devel-windows-x86_64
Version: 0.1.1
Check: LazyData
Result: NOTE
'LazyData' is specified without a 'data' directory
Flavors: r-devel-linux-x86_64-debian-clang, r-devel-linux-x86_64-debian-gcc, r-devel-linux-x86_64-fedora-clang, r-devel-linux-x86_64-fedora-gcc, r-devel-windows-x86_64, r-patched-linux-x86_64, r-release-linux-x86_64, r-release-macos-arm64, r-release-macos-x86_64, r-release-windows-x86_64, r-oldrel-macos-arm64, r-oldrel-macos-x86_64, r-oldrel-windows-x86_64