CRAN Package Check Results for Package combinationpvalues

Last updated on 2025-05-01 06:49:28 CEST.

Flavor Version Tinstall Tcheck Ttotal Status Flags
r-devel-linux-x86_64-debian-clang 0.1.4 1.38 17.28 18.66 NOTE
r-devel-linux-x86_64-debian-gcc 0.1.4 1.37 14.49 15.86 NOTE
r-devel-linux-x86_64-fedora-clang 0.1.4 29.75 NOTE
r-devel-linux-x86_64-fedora-gcc 0.1.4 28.20 NOTE
r-devel-windows-x86_64 0.1.4 3.00 44.00 47.00 NOTE
r-patched-linux-x86_64 0.1.4 1.73 16.64 18.37 NOTE
r-release-linux-x86_64 0.1.4 1.72 16.61 18.33 NOTE
r-release-macos-arm64 0.1.4 18.00 NOTE
r-release-macos-x86_64 0.1.4 26.00 NOTE
r-release-windows-x86_64 0.1.4 3.00 49.00 52.00 NOTE
r-oldrel-macos-arm64 0.1.4 16.00 NOTE
r-oldrel-macos-x86_64 0.1.4 21.00 NOTE
r-oldrel-windows-x86_64 0.1.4 4.00 41.00 45.00 NOTE

Check Details

Version: 0.1.4
Check: CRAN incoming feasibility
Result: NOTE Maintainer: ‘Breya McGlown <bswlker2@memphis.edu>’ The Description field contains Heard & Rubin-Delanchy (2017) <arXiv:1707.06897>. Please refer to arXiv e-prints via their arXiv DOI <doi:10.48550/arXiv.YYMM.NNNNN>. Flavors: r-devel-linux-x86_64-debian-clang, r-devel-linux-x86_64-debian-gcc

Version: 0.1.4
Check: package subdirectories
Result: NOTE Problems with news in ‘NEWS.md’: No news entries found. Flavors: r-devel-linux-x86_64-debian-clang, r-devel-linux-x86_64-debian-gcc, r-devel-linux-x86_64-fedora-clang, r-devel-linux-x86_64-fedora-gcc, r-devel-windows-x86_64, r-patched-linux-x86_64, r-release-linux-x86_64, r-release-macos-arm64, r-release-macos-x86_64, r-release-windows-x86_64, r-oldrel-macos-arm64, r-oldrel-macos-x86_64, r-oldrel-windows-x86_64

Version: 0.1.4
Check: dependencies in R code
Result: NOTE Namespaces in Imports field not imported from: ‘chi’ ‘dplyr’ ‘spatstat.utils’ ‘utils’ All declared Imports should be used. Flavors: r-devel-linux-x86_64-fedora-clang, r-devel-linux-x86_64-fedora-gcc