Last updated on 2023-06-07 21:01:15 CEST.
Flavor | Version | Tinstall | Tcheck | Ttotal | Status | Flags |
---|---|---|---|---|---|---|
r-devel-linux-x86_64-debian-clang | 0.5.0 | 10.65 | 181.30 | 191.95 | OK | |
r-devel-linux-x86_64-debian-gcc | 0.5.0 | 8.45 | 138.84 | 147.29 | OK | |
r-devel-linux-x86_64-fedora-clang | 0.5.0 | 259.02 | OK | |||
r-devel-linux-x86_64-fedora-gcc | 0.5.0 | 238.76 | OK | |||
r-devel-windows-x86_64 | 0.5.0 | 10.00 | 161.00 | 171.00 | OK | |
r-patched-linux-x86_64 | 0.5.0 | 10.32 | 170.96 | 181.28 | OK | |
r-release-linux-x86_64 | 0.5.0 | 11.31 | 169.87 | 181.18 | OK | |
r-release-macos-arm64 | 0.5.0 | 66.00 | OK | |||
r-release-macos-x86_64 | 0.5.0 | 103.00 | NOTE | |||
r-release-windows-x86_64 | 0.5.0 | 13.00 | 192.00 | 205.00 | OK | |
r-oldrel-macos-arm64 | 0.5.0 | 70.00 | OK | |||
r-oldrel-macos-x86_64 | 0.5.0 | 79.00 | OK | |||
r-oldrel-windows-x86_64 | 0.5.0 | 13.00 | 187.00 | 200.00 | OK |
Version: 0.5.0
Check: package dependencies
Result: NOTE
Package suggested but not available for checking: ‘rstan’
Flavor: r-release-macos-x86_64