Last updated on 2025-04-29 09:51:50 CEST.
Flavor | Version | Tinstall | Tcheck | Ttotal | Status | Flags |
---|---|---|---|---|---|---|
r-devel-linux-x86_64-debian-clang | 1.0.1 | 2.78 | 50.43 | 53.21 | NOTE | |
r-devel-linux-x86_64-debian-gcc | 1.0.1 | 2.06 | 41.87 | 43.93 | OK | |
r-devel-linux-x86_64-fedora-clang | 1.0.1 | 86.07 | OK | |||
r-devel-linux-x86_64-fedora-gcc | 1.0.1 | 89.72 | OK | |||
r-devel-windows-x86_64 | 1.0.1 | 4.00 | 65.00 | 69.00 | OK | |
r-patched-linux-x86_64 | 1.0.1 | 2.92 | 48.51 | 51.43 | OK | |
r-release-linux-x86_64 | 1.0.1 | 2.83 | 46.60 | 49.43 | OK | |
r-release-macos-arm64 | 1.0.1 | 45.00 | OK | |||
r-release-macos-x86_64 | 1.0.1 | 65.00 | OK | |||
r-release-windows-x86_64 | 1.0.1 | 6.00 | 70.00 | 76.00 | OK | |
r-oldrel-macos-arm64 | 1.0.1 | 34.00 | OK | |||
r-oldrel-macos-x86_64 | 1.0.1 | 49.00 | OK | |||
r-oldrel-windows-x86_64 | 1.0.1 | 7.00 | 77.00 | 84.00 | OK |
Version: 1.0.1
Check: examples
Result: NOTE
Examples with CPU (user + system) or elapsed time > 5s
user system elapsed
auto_match_seqs 5.89 0.286 5.42
Flavor: r-devel-linux-x86_64-debian-clang